{"id":8655,"date":"2015-06-03T08:29:19","date_gmt":"2015-06-03T08:29:19","guid":{"rendered":"http:\/\/www.hund-hersbruck.de\/web_neu\/?page_id=8655"},"modified":"2025-08-02T19:32:26","modified_gmt":"2025-08-02T19:32:26","slug":"optik_seite6","status":"publish","type":"page","link":"http:\/\/www.hund-hersbruck.de\/web_neu\/optik\/optik_seite6\/","title":{"rendered":"Optik_Seite6"},"content":{"rendered":"<p>&nbsp;<\/p>\n<table border=\"0\" align=\"center\">\n<tbody>\n<tr>\n<td><span style=\"font-size: 18px;\">Seiten<\/span><\/td>\n<td><span style=\"font-size: 18px;\"><a title=\"Optik\" href=\"http:\/\/www.hund-hersbruck.de\/web_neu\/?page_id=124\">1<\/a><\/span><\/td>\n<td><span style=\"font-size: 18px;\"><a title=\"Optik_Seite2\" href=\"http:\/\/www.hund-hersbruck.de\/web_neu\/?page_id=5782\">2<\/a><\/span><\/td>\n<td><span style=\"font-size: 18px;\"><a title=\"Optik_Seite3\" href=\"http:\/\/www.hund-hersbruck.de\/web_neu\/?page_id=5784\">3<\/a><\/span><\/td>\n<td><span style=\"font-size: 18px;\"><a title=\"Optik_Seite4\" href=\"http:\/\/www.hund-hersbruck.de\/web_neu\/?page_id=5786\">4<\/a><\/span><\/td>\n<td><span style=\"font-size: 18px;\"><a title=\"Optik_Seite5\" href=\"http:\/\/www.hund-hersbruck.de\/web_neu\/optik\/optik_seite5\/\">5<\/a><\/span><\/td>\n<td><span style=\"font-size: 18px;\"><a title=\"Optik_Seite6\" href=\"http:\/\/www.hund-hersbruck.de\/web_neu\/optik\/optik_seite6\/\">6<\/a><\/span><\/td>\n<\/tr>\n<\/tbody>\n<\/table>\n<p style=\"text-align: center;\"><span style=\"font-size: 16px;\"> <span style=\"font-size: 18px;\"><strong>Seite 6<\/strong><\/span><\/span><\/p>\n<p style=\"text-align: center;\"><span style=\"color: #0000ff;\"><strong><span style=\"font-size: 18px;\">Optische Ph\u00e4nomene und &#8222;Ph\u00e4nomene&#8220;<\/span><\/strong><\/span><\/p>\n<p style=\"text-align: center;\"><span style=\"font-size: 10pt; font-family: arial, helvetica, sans-serif;\"><strong>Sie m\u00f6chten n\u00e4here Informationen oder bestellen?\u00a0 \u00a0<\/strong><\/span><span style=\"font-size: 10pt; font-family: arial, helvetica, sans-serif;\"><strong>Tel. 09151\/4716 \u00a0 \u00a0 \u00a0<a href=\"mailto:gabys-zauberland@t-online.de\">gabys-zauberland@t-online.de<\/a><\/strong><\/span><\/p>\n<p style=\"text-align: center;\"><span style=\"font-size: 10pt; font-family: arial, helvetica, sans-serif;\">Preis\u00e4nderungen vorbehalten.\u00a0 <span style=\"text-decoration: underline;\"><strong>Mindestbestellsumme<\/strong> <\/span>15.- \u20ac + Porto Laden\u00f6ffnungszeiten: Mo &#8211; Fr. 15.00 &#8211; 18.00 Uhr, Sa 10.00 &#8211; 13.000 Uhr<\/span><\/p>\n<p class=\"empty-paragraph\">\u00a0<span style=\"font-size: 1px; color: transparent;\">.<\/span><\/p>\n<p class=\"empty-paragraph\" style=\"text-align: justify;\"><span style=\"font-size: 12pt;\"><strong><span style=\"font-family: arial, helvetica, sans-serif;\"><span style=\"color: #993300;\">Kaleidoskop\u00a0 &#8222;Nacht&#8220;<\/span>\u00a0\u00a0\u00a0\u00a0 nur 2,00 \u20ac<\/span><\/strong><\/span><br \/>\n<span style=\"font-family: arial,helvetica,sans-serif; font-size: 12pt;\"><a href=\"http:\/\/www.hund-hersbruck.de\/web_neu\/wp-content\/uploads\/Kaleidoskop-Nacht.jpg\"><img loading=\"lazy\" decoding=\"async\" class=\"alignleft size-thumbnail wp-image-10075\" src=\"http:\/\/www.hund-hersbruck.de\/web_neu\/wp-content\/uploads\/Kaleidoskop-Nacht-150x150.jpg\" alt=\"kaleidoskop-nacht\" width=\"150\" height=\"150\" srcset=\"http:\/\/www.hund-hersbruck.de\/web_neu\/wp-content\/uploads\/Kaleidoskop-Nacht-150x150.jpg 150w, http:\/\/www.hund-hersbruck.de\/web_neu\/wp-content\/uploads\/Kaleidoskop-Nacht.jpg 280w\" sizes=\"auto, (max-width: 150px) 100vw, 150px\" \/><\/a>\u00a0\u00a0 <span style=\"font-size: 10pt;\">12 cm lang, 4 cm Durchmesser, stabiler Karton; ein preiswertes, aber voll funktionsf\u00e4higes Kaleidoskop, welches das Grundprinzip gut zeigt. Nicht geeignet f\u00fcr Kinder unter drei Jahren wegen verschluckbarer Kleinteile (wenn Vati draufsteigt &#8230;)<\/span><\/span><\/p>\n<p class=\"empty-paragraph\">\u00a0<span style=\"font-size: 1px; color: transparent;\">.<\/span><\/p>\n<p class=\"empty-paragraph\">\u00a0<span style=\"font-size: 1px; color: transparent;\">.<\/span><\/p>\n<p class=\"empty-paragraph\">\u00a0<span style=\"font-size: 1px; color: transparent;\">.<\/span><\/p>\n<table border=\"0\" align=\"center\">\n<tbody>\n<tr>\n<td><span style=\"font-size: 18px;\">Seiten<\/span><\/td>\n<td><span style=\"font-size: 18px;\"><a title=\"Optik\" href=\"http:\/\/www.hund-hersbruck.de\/web_neu\/?page_id=124\">1<\/a><\/span><\/td>\n<td><span style=\"font-size: 18px;\"><a title=\"Optik_Seite2\" href=\"http:\/\/www.hund-hersbruck.de\/web_neu\/?page_id=5782\">2<\/a><\/span><\/td>\n<td><span style=\"font-size: 18px;\"><a title=\"Optik_Seite3\" href=\"http:\/\/www.hund-hersbruck.de\/web_neu\/?page_id=5784\">3<\/a><\/span><\/td>\n<td><span style=\"font-size: 18px;\"><a title=\"Optik_Seite4\" href=\"http:\/\/www.hund-hersbruck.de\/web_neu\/?page_id=5786\">4<\/a><\/span><\/td>\n<td><span style=\"font-size: 18px;\"><a title=\"Optik_Seite5\" href=\"http:\/\/www.hund-hersbruck.de\/web_neu\/optik\/optik_seite5\/\">5<\/a><\/span><\/td>\n<td><span style=\"font-size: 18px;\"><a title=\"Optik_Seite6\" href=\"http:\/\/www.hund-hersbruck.de\/web_neu\/optik\/optik_seite6\/\">6<\/a><\/span><\/td>\n<\/tr>\n<\/tbody>\n<\/table>\n","protected":false},"excerpt":{"rendered":"<p>&nbsp; Seiten 1 2 3 4 5 6 Seite 6 Optische Ph\u00e4nomene und &#8222;Ph\u00e4nomene&#8220; Sie m\u00f6chten n\u00e4here Informationen oder bestellen?\u00a0 \u00a0Tel. 09151\/4716 \u00a0 \u00a0 \u00a0gabys-zauberland@t-online.de Preis\u00e4nderungen vorbehalten.\u00a0 Mindestbestellsumme 15.- \u20ac + Porto Laden\u00f6ffnungszeiten: Mo &#8211; Fr. 15.00 &#8211; 18.00 Uhr, Sa 10.00 &#8211; 13.000 Uhr \u00a0. Kaleidoskop\u00a0 &#8222;Nacht&#8220;\u00a0\u00a0\u00a0\u00a0 nur 2,00 \u20ac \u00a0\u00a0 12 cm lang, [&hellip;]<\/p>\n","protected":false},"author":1,"featured_media":0,"parent":124,"menu_order":0,"comment_status":"closed","ping_status":"closed","template":"","meta":{"footnotes":""},"class_list":["post-8655","page","type-page","status-publish","hentry"],"_links":{"self":[{"href":"http:\/\/www.hund-hersbruck.de\/web_neu\/wp-json\/wp\/v2\/pages\/8655","targetHints":{"allow":["GET"]}}],"collection":[{"href":"http:\/\/www.hund-hersbruck.de\/web_neu\/wp-json\/wp\/v2\/pages"}],"about":[{"href":"http:\/\/www.hund-hersbruck.de\/web_neu\/wp-json\/wp\/v2\/types\/page"}],"author":[{"embeddable":true,"href":"http:\/\/www.hund-hersbruck.de\/web_neu\/wp-json\/wp\/v2\/users\/1"}],"replies":[{"embeddable":true,"href":"http:\/\/www.hund-hersbruck.de\/web_neu\/wp-json\/wp\/v2\/comments?post=8655"}],"version-history":[{"count":6,"href":"http:\/\/www.hund-hersbruck.de\/web_neu\/wp-json\/wp\/v2\/pages\/8655\/revisions"}],"predecessor-version":[{"id":17592,"href":"http:\/\/www.hund-hersbruck.de\/web_neu\/wp-json\/wp\/v2\/pages\/8655\/revisions\/17592"}],"up":[{"embeddable":true,"href":"http:\/\/www.hund-hersbruck.de\/web_neu\/wp-json\/wp\/v2\/pages\/124"}],"wp:attachment":[{"href":"http:\/\/www.hund-hersbruck.de\/web_neu\/wp-json\/wp\/v2\/media?parent=8655"}],"curies":[{"name":"wp","href":"https:\/\/api.w.org\/{rel}","templated":true}]}}