{"id":8625,"date":"2015-06-03T07:50:09","date_gmt":"2015-06-03T07:50:09","guid":{"rendered":"http:\/\/www.hund-hersbruck.de\/web_neu\/?page_id=8625"},"modified":"2025-09-14T08:53:52","modified_gmt":"2025-09-14T08:53:52","slug":"kindergeburtstag_seite-3","status":"publish","type":"page","link":"http:\/\/www.hund-hersbruck.de\/web_neu\/kindergeburtstag\/kindergeburtstag_seite-3\/","title":{"rendered":"Kindergeburtstag_Seite 3"},"content":{"rendered":"<p style=\"text-align: center;\"><span style=\"color: #0000ff; font-size: 18pt; text-decoration: underline;\"><strong><span style=\"font-family: arial,helvetica,sans-serif;\">Kindergeburtstag<\/span><\/strong><\/span><\/p>\n<p style=\"text-align: center;\"><span style=\"font-family: arial,helvetica,sans-serif; font-size: 10pt;\">Wir haben uns unter anderem auch darauf spezialisiert, &#8222;sinn-volle&#8220; Dinge \/ Spielzeuge f\u00fcr den Kindergeburtstag bereit zu stellen. Am besten w\u00e4re es nat\u00fcrlich, Sie k\u00e4men dazu in das Gesch\u00e4ft &#8230; \ud83d\ude09\u00a0\u00a0\u00a0\u00a0 <\/span><span style=\"font-family: arial,helvetica,sans-serif;\"> <span style=\"color: transparent; font-size: 1px;\">.<\/span><span style=\"font-size: 16px;\"><span style=\"font-size: 10pt;\">Preis\u00e4nderungen leider vorbehalten! <strong><span style=\"text-decoration: underline;\">Mindestbestellsumme<\/span> <\/strong>15.- Euro.<\/span> \u00a0 <\/span><\/span><span style=\"font-family: arial,helvetica,sans-serif; font-size: 10pt;\">Laden\u00f6ffnungszeiten: Mo &#8211; Fr. 15.00 &#8211; 18.00 Uhr, Sa 10.00 &#8211; 13.00 Uhr<\/span><\/p>\n<p style=\"text-align: center;\"><span style=\"font-family: arial,helvetica,sans-serif; font-size: 16px;\">So k\u00f6nnen sie bestellen: Tel. 09151\/4716\u00a0\u00a0 oder \u00a0<a href=\"mailto:gabys-zauberland@t-online.de\">gabys-zauberland@t-online.de<\/a> oder mit dem Kontaktformular oben<\/span><\/p>\n<p style=\"text-align: justify;\"><span style=\"font-size: 10pt;\"><strong><em><span style=\"text-decoration: underline;\"><span style=\"color: #0000ff; text-decoration: underline;\">Sie wollen Ihre Kinderschar SELBST &#8222;BE &#8211; ZAUBERN&#8220;?<\/span> <\/span>Haben aber bislang keine oder wenig Zauber-Erfahrung? Kein gr\u00f6\u00dferes Problem! Schreiben Sie uns eine Mail, in der Sie z.B. das Alter und die Anzahl der Kinder angeben. Ferner den ungef\u00e4hren Geldbetrag, den sie ausgeben wollen und Ihre Vorkenntnisse. Wir melden uns sobald wie m\u00f6glich mit konkreten Vorschl\u00e4gen &#8230;<\/em><\/strong><\/span><\/p>\n<p class=\"empty-paragraph\" style=\"text-align: center;\"><span style=\"font-size: 1px; color: transparent;\">.<\/span><span style=\"font-family: arial,helvetica,sans-serif; font-size: 10pt;\">HIER mal nur so als &#8222;Schmankerl&#8220;, um Ihnen die entsprechende Richtung zu zeigen. Auf den Physikseiten, den Spielwaren &#8211; und T\u00fcftelseiten finden Sie weitere wunderbaren Ideen &#8230;<\/span><\/p>\n<table border=\"0\" align=\"center\">\n<tbody>\n<tr>\n<td><span style=\"font-size: 18px;\">Seiten<\/span><\/td>\n<td><span style=\"font-size: 18px;\"><a title=\"Kindergeburtstag\" href=\"http:\/\/www.hund-hersbruck.de\/web_neu\/kindergeburtstag\/\">1<\/a><\/span><\/td>\n<td><span style=\"font-size: 18px;\"><a title=\"Kindergeburtstag_Seite 2\" href=\"http:\/\/www.hund-hersbruck.de\/web_neu\/kindergeburtstag\/kindergeburtstag_seite-2\/\">2<\/a><\/span><\/td>\n<td><span style=\"font-size: 18px;\"><a title=\"Kindergeburtstag_Seite 3\" href=\"http:\/\/www.hund-hersbruck.de\/web_neu\/kindergeburtstag\/kindergeburtstag_seite-3\/\">3<\/a><\/span><\/td>\n<\/tr>\n<\/tbody>\n<\/table>\n<p>Siehe oben: SELBST mit den Kindern &#8222;zaubern&#8220; &#8230;:<\/p>\n<p class=\"empty-paragraph\">\u00a0<span style=\"font-size: 1px; color: transparent;\">.<\/span><strong><span style=\"font-family: arial, helvetica, sans-serif; font-size: 12pt;\"><span style=\"color: #993300;\">M\u00fcnzschieber &#8222;Peggy Diggledey<\/span>\u00a0 \u00a0 \u00a0 8,00 \u20ac<\/span><\/strong><br \/>\n<span style=\"font-family: arial, helvetica, sans-serif; font-size: 10pt;\"> <img loading=\"lazy\" decoding=\"async\" class=\"size-medium wp-image-16039 alignleft\" style=\"font-size: 13.3333px;\" src=\"http:\/\/www.hund-hersbruck.de\/web_neu\/wp-content\/uploads\/MuenzschGok1-300x300.jpg\" alt=\"\" width=\"300\" height=\"300\" srcset=\"http:\/\/www.hund-hersbruck.de\/web_neu\/wp-content\/uploads\/MuenzschGok1-300x300.jpg 300w, http:\/\/www.hund-hersbruck.de\/web_neu\/wp-content\/uploads\/MuenzschGok1-150x150.jpg 150w, http:\/\/www.hund-hersbruck.de\/web_neu\/wp-content\/uploads\/MuenzschGok1.jpg 600w\" sizes=\"auto, (max-width: 300px) 100vw, 300px\" \/><img loading=\"lazy\" decoding=\"async\" class=\"size-thumbnail wp-image-16040 alignleft\" src=\"http:\/\/www.hund-hersbruck.de\/web_neu\/wp-content\/uploads\/MuenzschGok2-150x150.jpg\" alt=\"\" width=\"150\" height=\"150\" srcset=\"http:\/\/www.hund-hersbruck.de\/web_neu\/wp-content\/uploads\/MuenzschGok2-150x150.jpg 150w, http:\/\/www.hund-hersbruck.de\/web_neu\/wp-content\/uploads\/MuenzschGok2-300x300.jpg 300w, http:\/\/www.hund-hersbruck.de\/web_neu\/wp-content\/uploads\/MuenzschGok2.jpg 600w\" sizes=\"auto, (max-width: 150px) 100vw, 150px\" \/> <img loading=\"lazy\" decoding=\"async\" class=\"size-thumbnail wp-image-16041 alignleft\" src=\"http:\/\/www.hund-hersbruck.de\/web_neu\/wp-content\/uploads\/MuenzschGok3-150x150.jpg\" alt=\"\" width=\"150\" height=\"150\" srcset=\"http:\/\/www.hund-hersbruck.de\/web_neu\/wp-content\/uploads\/MuenzschGok3-150x150.jpg 150w, http:\/\/www.hund-hersbruck.de\/web_neu\/wp-content\/uploads\/MuenzschGok3-300x300.jpg 300w, http:\/\/www.hund-hersbruck.de\/web_neu\/wp-content\/uploads\/MuenzschGok3.jpg 600w\" sizes=\"auto, (max-width: 150px) 100vw, 150px\" \/>Vor allem wegen der wunderbaren Qualit\u00e4t dieses Klassikers haben wird den M\u00fcnzschieber der Firma GOKI (Qualit\u00e4tsspielzeug aus Holz) wieder ins Sortiment genommen! Im Laufe der Jahre hatten wir viele verschiedene Modelle dieses &#8211; unserer Meinung nach &#8211; <span style=\"text-decoration: underline;\">besten Einstiegskunstst\u00fcckes in die Zauberkunst f\u00fcr Kinder<\/span> ab 4 Jahren (wirklich!). Und dieses hieraus Holz (10x4x1,5 cm) ist halt wirklich gut und spricht mit seiner sch\u00f6nen Bemalung (die man aber auch &#8222;zauberhaft&#8220; \u00fcberkleben kann &#8230;) vor allem kleinere Kinder an. M\u00f6glichkeiten der Vorf\u00fchrung gibt es auch verschiedene: Eine (geliehende!) M\u00fcnze verschwindet, ver\u00e4ndert ihren Wert, wird zur Papierm\u00fcnze (oder umgekehrt), leere Zettelchen werden beschrieben usw. usw. Bei UNS bekommen Sie eine auf Zauber-Erfahrung basierende Anleitung!\u00a0 \u00a0Nicht f\u00fcr Kinder unter drei Jahren geeignet!<\/span><\/p>\n<p class=\"empty-paragraph\">\u00a0<span style=\"font-size: 1px; color: transparent;\">.<\/span><\/p>\n<p style=\"text-align: justify;\"><span style=\"color: #0000ff;\"><strong><em>Endlich mal wieder ein qualitativ sehr gutes Zauberger\u00e4t f\u00fcr <span style=\"text-decoration: underline;\">Vorschulkinder<\/span>:<\/em><\/strong><\/span><br \/>\n<strong><span style=\"font-family: arial, helvetica, sans-serif; font-size: 12pt;\"><span style=\"color: #993300;\">Der Zauberf\u00e4cher<\/span>\u00a0 \u00a0 7,00 \u20ac<\/span><\/strong><br \/>\n<span style=\"font-family: arial, helvetica, sans-serif; font-size: 10pt;\"><img loading=\"lazy\" decoding=\"async\" class=\"alignnone size-full wp-image-16056\" src=\"http:\/\/www.hund-hersbruck.de\/web_neu\/wp-content\/uploads\/ZauberfaecherGok1.jpg\" alt=\"\" width=\"140\" height=\"150\" \/><img loading=\"lazy\" decoding=\"async\" class=\"alignnone size-full wp-image-16057\" src=\"http:\/\/www.hund-hersbruck.de\/web_neu\/wp-content\/uploads\/ZauberfaecherGok2.jpg\" alt=\"\" width=\"150\" height=\"150\" \/><img loading=\"lazy\" decoding=\"async\" class=\"alignnone size-full wp-image-16058\" src=\"http:\/\/www.hund-hersbruck.de\/web_neu\/wp-content\/uploads\/ZauberfaecherGok3.jpg\" alt=\"\" width=\"150\" height=\"150\" \/>\u00a0 \u00a0Von unserer Qualit\u00e4tsfirma f\u00fcr Holzspielzeug, GOKI:\u00a0 Zwei sch\u00f6n bemalte Holzteile lassen sich f\u00e4cherartig um eine Achse aus Metall drehen. Liegen die beiden Teile genau \u00fcbereinander, kann man eine Schnur mit den Perlen am Ende hindurch auf und ab ziehen. Immer wieder &#8230; Offensichtlich ist das m\u00f6glich ist aufgrund eines durchgehenden Lochs am vorderen Ende.\u00a0\u00a0Mit einer (mitgelieferten) \u201eZaubers\u00e4ge\u201c wird die Schnur nun durchschnitten. Das wird eindeutig demonstriert, indem man die beiden Schenkel des \u201eZauberf\u00e4chers\u201c \u00f6ffnet. An deren Innenseiten sieht man sogar die durchtrennte Schnur im Holz! Wenn der F\u00e4cher wieder geschlossen wird, kann man nach einem \u201eReparaturzauber\u201c die Schnur wieder wie am Anfang durchziehen! WOW!\u00a0 Zwei Designs, 9,8x3x1,1 cm, Holz natur und bemalt\u00a0 \u00a0<span style=\"text-decoration: underline;\">Nat\u00fcrlich mit einer deutschen Anleitung, die auf reichhaltiger Zauber-Erfahrung beruht!<\/span> Nicht f\u00fcr Kinder unter drei Jahren wegen der kleinen, verschluckbaren Holzkugeln!<\/span><\/p>\n<p class=\"empty-paragraph\">\u00a0<span style=\"font-size: 1px; color: transparent;\">.<\/span><\/p>\n<p class=\"empty-paragraph\" style=\"text-align: justify;\">\u00a0<span style=\"font-size: 1px; color: transparent;\">.<\/span><\/p>\n<p style=\"text-align: justify;\"><span style=\"color: #ffffff; font-family: arial,helvetica,sans-serif; font-size: 1px;\">.<\/span><span style=\"font-family: arial,helvetica,sans-serif; font-size: 16px;\"><span style=\"color: #993300; font-size: 18px;\"><strong><span style=\"font-size: 12pt;\">H\u00fcpfbohnen\u00a0\u00a0\u00a0\u00a0 <\/span><span style=\"color: #000000;\"><span style=\"font-size: 12pt;\">2 St\u00fcck \u00a0f\u00fcr 1,60 \u20ac\u00a0\u00a0\u00a0\u00a0 Sonderpreis<\/span><br \/>\n<\/span><\/strong><\/span><\/span><span style=\"font-size: 10pt;\"> <span style=\"font-family: arial,helvetica,sans-serif;\"><img loading=\"lazy\" decoding=\"async\" class=\"alignleft size-full wp-image-792\" title=\"Huepfbohnengross\" src=\"http:\/\/www.hund-hersbruck.de\/web_neu\/wp-content\/uploads\/Huepfbohnengross.jpg\" alt=\"\" width=\"100\" height=\"100\" \/>Ein merkw\u00fcrdiges Ding. Rollt und \u00fcberschl\u00e4gt sich, wie es will &#8230; Irgendwie hat das (nat\u00fcrlich?!) mit Physik zu tun. Aber wie oder was? Wahrscheinlich wird man eine opfern m\u00fcssen, um das heraus zu bekommen. Deshalb bekommen Sie auch zwei St\u00fcck f\u00fcr 1,25 \u20ac\u00a0;\u00a0\u00a0 \u00a03,5 cm x 1,5 cm gro\u00df bzw. dick!\u00a0\u00a0\u00a0\u00a0In den mexikanischen Originalen waren \u00fcbrigens lebende Insektenlarven in Bohnen \u2026 <span style=\"color: #0000ff;\">(siehe Wikipedia: Sebastiania pavoniana = Springbohne + Springbohnenmottenlarve!)<\/span>\u00a0<\/span><\/span>\u00a0<span style=\"color: #ffffff; font-family: arial,helvetica,sans-serif; font-size: 1px;\">.\u00a0\u00a0<\/span><\/p>\n<p class=\"empty-paragraph\" style=\"text-align: justify;\">\u00a0<span style=\"font-size: 1px; color: transparent;\">.<\/span><span style=\"color: #ffffff; font-family: arial,helvetica,sans-serif; font-size: 1px;\">.<\/span><\/p>\n<p>&nbsp;<\/p>\n<p class=\"empty-paragraph\" style=\"text-align: justify;\"><span style=\"font-size: 12pt;\"><strong><span style=\"font-family: arial,helvetica,sans-serif;\"><span style=\"color: #993300;\">Jo Jo \/ Yo Yo mit Kupplung und Kugellager\u00a0\u00a0\u00a0\u00a0\u00a0<\/span> 4,00 \u20ac<\/span><\/strong><\/span><br \/>\n<span style=\"font-family: arial,helvetica,sans-serif; font-size: 12pt;\">\u00a0<a href=\"http:\/\/www.hund-hersbruck.de\/web_neu\/wp-content\/uploads\/JoJo-OotB.png\"><img loading=\"lazy\" decoding=\"async\" class=\"alignleft size-full wp-image-10844\" src=\"http:\/\/www.hund-hersbruck.de\/web_neu\/wp-content\/uploads\/JoJo-OotB.png\" alt=\"JoJo OotB\" width=\"213\" height=\"160\" srcset=\"http:\/\/www.hund-hersbruck.de\/web_neu\/wp-content\/uploads\/JoJo-OotB.png 213w, http:\/\/www.hund-hersbruck.de\/web_neu\/wp-content\/uploads\/JoJo-OotB-150x112.png 150w\" sizes=\"auto, (max-width: 213px) 100vw, 213px\" \/><\/a>\u00a0<span style=\"font-size: 10pt;\"> Hier jetzt ein Jo Jo, das schon komfortabler (und zugegebenerma\u00dfen nat\u00fcrlich auch leichter) in der Handhabung ist. Au\u00dferdem macht es schon was her, weil es durchsichtig ist und man die technischen Innereien gut sehen kann. Durchmesser 6 cm. Nicht geeignet f\u00fcr Kinder unter drei Jahren wegen verschluckbarer Kleinteile und der Schnur (Strangulationsgefahr)!<\/span><\/span><\/p>\n<p class=\"empty-paragraph\" style=\"text-align: justify;\"><span style=\"font-size: 10pt;\">\u00a0<span style=\"color: transparent;\">.<\/span><\/span><\/p>\n<p class=\"empty-paragraph\">\u00a0<span style=\"font-size: 1px; color: transparent;\">.<\/span><\/p>\n<p class=\"empty-paragraph\">\u00a0<span style=\"font-size: 1px; color: transparent;\">.<\/span><\/p>\n<p class=\"empty-paragraph\">\u00a0<span style=\"font-size: 1px; color: transparent;\">.<\/span><\/p>\n<p class=\"empty-paragraph\">\u00a0<span style=\"font-size: 12pt;\"><span style=\"color: transparent;\">.<\/span><strong><span style=\"font-family: arial,helvetica,sans-serif;\"><span style=\"color: #993300;\">H\u00fcpferling Smiley\u00a0\u00a0\u00a0\u00a0\u00a0\u00a0<\/span> 1,10 \u20ac<\/span><\/strong><\/span> <span style=\"font-family: arial,helvetica,sans-serif; font-size: 12pt;\"><span style=\"color: #0000ff;\"><a href=\"http:\/\/www.hund-hersbruck.de\/web_neu\/wp-content\/uploads\/HueperlingSmileyKue.jpg\"><img loading=\"lazy\" decoding=\"async\" class=\"alignleft wp-image-10610\" src=\"http:\/\/www.hund-hersbruck.de\/web_neu\/wp-content\/uploads\/HueperlingSmileyKue-300x244.jpg\" alt=\"HueperlingSmileyKue\" width=\"159\" height=\"129\" srcset=\"http:\/\/www.hund-hersbruck.de\/web_neu\/wp-content\/uploads\/HueperlingSmileyKue-300x244.jpg 300w, http:\/\/www.hund-hersbruck.de\/web_neu\/wp-content\/uploads\/HueperlingSmileyKue-150x122.jpg 150w, http:\/\/www.hund-hersbruck.de\/web_neu\/wp-content\/uploads\/HueperlingSmileyKue.jpg 369w\" sizes=\"auto, (max-width: 159px) 100vw, 159px\" \/><\/a>\u00a0\u00a0<\/span><span style=\"font-size: 10pt;\">Wir haben wieder welche! 3x3x5 cm gro\u00df, gute Funktionsweise! Jetzt haben Sie die Qual der Wahl (siehe unten). Unser Rat: BEIDE! Wir hatten eine schreckliche h\u00fcpferlinglose Zeit, denn (analog zu Loriot): <strong><em>&#8222;Ein Leben ohne H\u00fcpferlinge ist m\u00f6glich, aber sinnlos!&#8220;\u00a0\u00a0\u00a0 \ud83d\ude09<\/em><\/strong><\/span><\/span><\/p>\n<p class=\"empty-paragraph\">\u00a0<span style=\"font-size: 1px; color: transparent;\">.<\/span><\/p>\n<p class=\"empty-paragraph\">\u00a0<span style=\"font-size: 1px; color: transparent;\">.<\/span><\/p>\n<p class=\"empty-paragraph\">\u00a0<span style=\"font-size: 1px; color: transparent;\">.<\/span><\/p>\n<p class=\"empty-paragraph\"><span style=\"font-size: 12pt;\"><strong><span style=\"text-decoration: underline;\"><span style=\"color: #ff0000; font-family: arial,helvetica,sans-serif; text-decoration: underline;\">UND:<\/span><\/span><\/strong><\/span><\/p>\n<p style=\"text-align: justify;\"><span style=\"font-size: 12pt;\">\u00a0<\/span><span style=\"font-family: arial,helvetica,sans-serif; font-size: 14px;\"><span style=\"font-size: 12pt;\"><strong><span style=\"color: #993300;\">H\u00fcpfende Insekten\u00a0\u00a0<\/span> 1,10 \u20ac <\/strong><\/span><span style=\"font-size: 10pt;\"><strong><strong><strong><a href=\"http:\/\/www.hund-hersbruck.de\/web_neu\/wp-content\/uploads\/Jumping-Bug.jpg\"><img loading=\"lazy\" decoding=\"async\" class=\"alignleft\" src=\"http:\/\/www.hund-hersbruck.de\/web_neu\/wp-content\/uploads\/Jumping-Bug.jpg\" alt=\"Jumping Bug\" width=\"100\" height=\"100\" \/><\/a><\/strong><\/strong><\/strong> Als wir die Nachricht bekamen, dass die\u00a0Smiley-H\u00fcpferlinge aus dem Sortiment unseres bisherigen Lieferanten genommen wurden, waren wir entsetzt! Immerhin\u00a0war dieser Artikel einer unserer\u00a0jahrelangen Bestseller und hat Tausende von Sch\u00fclern und Lehrern intensiv besch\u00e4ftigt und entz\u00fcckt.\u00a0Bei der Spielwarenmesse in N\u00fcrnberg klapperten wir zwei Jahre viele Firmen ab &#8211; und wurden 2016 v\u00f6llig \u00fcberraschend f\u00fcndig: Die &#8222;H\u00fcpfenden Insekten&#8220; (so die Bezeichnung des Importeurs) sind allerdings genau genommen keine (schauen Sie mal genau hin &#8230;), funktionieren wunderbar, sehen besser aus, sind gr\u00f6\u00dfer als die Smileys &#8211; und kosten tats\u00e4chlich noch genauso wenig! Wir freuen uns echt. Die FunktionsWEISE ist bekannt: Unter der Spinne\u00a0sind ein Saugnapf und eine Metallfeder. Dr\u00fcckt man den K\u00f6rper nach unten\u00a0&#8230;<\/span> \u00a0\u00a0<span style=\"font-size: 10px;\">Nicht geeignet f\u00fcr Kinder unter drei Jahren!<\/span><\/span><\/p>\n<p>&nbsp;<\/p>\n<p style=\"text-align: justify;\"><strong><span style=\"font-family: arial, helvetica, sans-serif; font-size: 12pt;\"><span style=\"color: #993300;\">H\u00fcpferlinge Einh\u00f6rner\u00a0<\/span> \u00a0 1,50 \u20ac<\/span><\/strong><br \/>\n<span style=\"font-family: arial, helvetica, sans-serif; font-size: 10pt;\">\u00a0 <img loading=\"lazy\" decoding=\"async\" class=\"wp-image-16497 alignleft\" src=\"http:\/\/www.hund-hersbruck.de\/web_neu\/wp-content\/uploads\/Huepferling-Einhorn-1-300x300.webp\" alt=\"\" width=\"201\" height=\"201\" srcset=\"http:\/\/www.hund-hersbruck.de\/web_neu\/wp-content\/uploads\/Huepferling-Einhorn-1-300x300.webp 300w, http:\/\/www.hund-hersbruck.de\/web_neu\/wp-content\/uploads\/Huepferling-Einhorn-1-1024x1024.webp 1024w, http:\/\/www.hund-hersbruck.de\/web_neu\/wp-content\/uploads\/Huepferling-Einhorn-1-150x150.webp 150w, http:\/\/www.hund-hersbruck.de\/web_neu\/wp-content\/uploads\/Huepferling-Einhorn-1-768x768.webp 768w, http:\/\/www.hund-hersbruck.de\/web_neu\/wp-content\/uploads\/Huepferling-Einhorn-1.webp 1200w\" sizes=\"auto, (max-width: 201px) 100vw, 201px\" \/>Da man bekanntlich nie genug H\u00fcpferlinge haben kann (siehe oben), konnten wir diese Gruppe tats\u00e4chlich noch erweitern: Im April 2023 kamen\u00a0 Einh\u00f6rnchen dieser Art an! Sie funktionieren gut, wenn man es halt richtig macht! Im Gesch\u00e4ft sind sie immer f\u00fcr ein &#8222;Oooohhh&#8220; gut, wenn sie unvermutet auf einmal hoch h\u00fcpfen! Nicht f\u00fcr Kinder unter 3 Jahren geeignet! Solange halt unser Vorrat reicht&#8230;<\/span><\/p>\n<p class=\"empty-paragraph\">\u00a0<span style=\"font-size: 1px; color: transparent;\">.<\/span><\/p>\n<p class=\"empty-paragraph\">\u00a0<span style=\"font-size: 1px; color: transparent;\">.<\/span><\/p>\n<p class=\"empty-paragraph\">\u00a0<span style=\"font-size: 1px; color: transparent;\">.<\/span><\/p>\n<p><strong>\u00a0<\/strong><\/p>\n<table border=\"0\" align=\"center\">\n<tbody>\n<tr>\n<td><span style=\"font-size: 18px;\">Seiten<\/span><\/td>\n<td><span style=\"font-size: 18px;\"><a title=\"Kindergeburtstag\" href=\"http:\/\/www.hund-hersbruck.de\/web_neu\/kindergeburtstag\/\">1<\/a><\/span><\/td>\n<td><span style=\"font-size: 18px;\"><a title=\"Kindergeburtstag_Seite 2\" href=\"http:\/\/www.hund-hersbruck.de\/web_neu\/kindergeburtstag\/kindergeburtstag_seite-2\/\">2<\/a><\/span><\/td>\n<td><span style=\"font-size: 18px;\"><a title=\"Kindergeburtstag_Seite 3\" href=\"http:\/\/www.hund-hersbruck.de\/web_neu\/kindergeburtstag\/kindergeburtstag_seite-3\/\">3<\/a><\/span><\/td>\n<\/tr>\n<\/tbody>\n<\/table>\n","protected":false},"excerpt":{"rendered":"<p>Kindergeburtstag Wir haben uns unter anderem auch darauf spezialisiert, &#8222;sinn-volle&#8220; Dinge \/ Spielzeuge f\u00fcr den Kindergeburtstag bereit zu stellen. Am besten w\u00e4re es nat\u00fcrlich, Sie k\u00e4men dazu in das Gesch\u00e4ft &#8230; \ud83d\ude09\u00a0\u00a0\u00a0\u00a0 .Preis\u00e4nderungen leider vorbehalten! Mindestbestellsumme 15.- Euro. \u00a0 Laden\u00f6ffnungszeiten: Mo &#8211; Fr. 15.00 &#8211; 18.00 Uhr, Sa 10.00 &#8211; 13.00 Uhr So k\u00f6nnen sie [&hellip;]<\/p>\n","protected":false},"author":1,"featured_media":0,"parent":206,"menu_order":0,"comment_status":"closed","ping_status":"closed","template":"","meta":{"footnotes":""},"class_list":["post-8625","page","type-page","status-publish","hentry"],"_links":{"self":[{"href":"http:\/\/www.hund-hersbruck.de\/web_neu\/wp-json\/wp\/v2\/pages\/8625","targetHints":{"allow":["GET"]}}],"collection":[{"href":"http:\/\/www.hund-hersbruck.de\/web_neu\/wp-json\/wp\/v2\/pages"}],"about":[{"href":"http:\/\/www.hund-hersbruck.de\/web_neu\/wp-json\/wp\/v2\/types\/page"}],"author":[{"embeddable":true,"href":"http:\/\/www.hund-hersbruck.de\/web_neu\/wp-json\/wp\/v2\/users\/1"}],"replies":[{"embeddable":true,"href":"http:\/\/www.hund-hersbruck.de\/web_neu\/wp-json\/wp\/v2\/comments?post=8625"}],"version-history":[{"count":28,"href":"http:\/\/www.hund-hersbruck.de\/web_neu\/wp-json\/wp\/v2\/pages\/8625\/revisions"}],"predecessor-version":[{"id":17618,"href":"http:\/\/www.hund-hersbruck.de\/web_neu\/wp-json\/wp\/v2\/pages\/8625\/revisions\/17618"}],"up":[{"embeddable":true,"href":"http:\/\/www.hund-hersbruck.de\/web_neu\/wp-json\/wp\/v2\/pages\/206"}],"wp:attachment":[{"href":"http:\/\/www.hund-hersbruck.de\/web_neu\/wp-json\/wp\/v2\/media?parent=8625"}],"curies":[{"name":"wp","href":"https:\/\/api.w.org\/{rel}","templated":true}]}}