{"id":8597,"date":"2015-06-02T11:12:06","date_gmt":"2015-06-02T11:12:06","guid":{"rendered":"http:\/\/www.hund-hersbruck.de\/web_neu\/?page_id=8597"},"modified":"2025-11-18T08:46:11","modified_gmt":"2025-11-18T08:46:11","slug":"denkspiele_seite-8","status":"publish","type":"page","link":"http:\/\/www.hund-hersbruck.de\/web_neu\/denkspiele\/denkspiele_seite-8\/","title":{"rendered":"Denkspiele_Seite 8"},"content":{"rendered":"<p>&nbsp;<\/p>\n<p style=\"text-align: center;\"><span style=\"color: #0000ff; text-decoration: underline;\"><span style=\"font-size: 18pt;\"><strong><span style=\"font-family: arial,helvetica,sans-serif;\"><a href=\"http:\/\/www.hund-hersbruck.de\/web_neu\/wp-content\/uploads\/Ein-Schmaus2.png\"><img loading=\"lazy\" decoding=\"async\" class=\"alignleft size-medium wp-image-8856\" src=\"http:\/\/www.hund-hersbruck.de\/web_neu\/wp-content\/uploads\/Ein-Schmaus2.png\" alt=\"Ein Schmaus2\" width=\"1\" height=\"1\" \/><\/a>Denkspiele &#8211; Strategiespiele &#8211; T\u00fcftelspiele<\/span><\/strong><\/span><\/span><\/p>\n<p style=\"text-align: center;\"><span style=\"font-size: 16px;\"><span style=\"font-size: 14pt;\"><span style=\"font-family: arial,helvetica,sans-serif;\"><span style=\"font-size: 10pt;\">Butterflies &#8211; SmartGames<br \/>\n<\/span><\/span><\/span><\/span><strong><span style=\"color: #ff0000; font-family: arial,helvetica,sans-serif; font-size: 14pt;\"><span style=\"font-size: 10pt;\">\u00dcbrigens: Bei uns k\u00f6nnen Sie\u00a0alle Denk- und T\u00fcftelspiele (die hier und auf den anderen Seiten aufgef\u00fchrt sind) im Gesch\u00e4ft vor dem Kauf ausprobieren!<\/span> \u00a0\u00a0 <\/span><\/strong><span style=\"font-family: arial,helvetica,sans-serif; font-size: 10pt;\">F\u00fcr alle Altersstufen! F\u00fcr Anf\u00e4nger und Fortgeschrittene! Allein oder &#8230;\u00a0 <\/span><span style=\"font-family: arial,helvetica,sans-serif; font-size: 12pt;\"><span style=\"font-size: 10pt;\"><strong>Preis\u00e4nderungen<\/strong> leider vorbehalten! <strong>Mindestbestellsumme<\/strong> 15.- Euro.\u00a0<\/span>\u00a0<span style=\"font-size: 10pt;\"> Wir liefern mit DHL<\/span><\/span><\/p>\n<p style=\"text-align: center;\"><span style=\"font-family: arial,helvetica,sans-serif; font-size: 10pt;\"><span style=\"text-decoration: underline;\"><strong>Ladengesch\u00e4ft<\/strong><\/span>: Amberger Str. 8\u00a0 in 91217 Hersbruck (30 km \u00f6stlich von N\u00fcrnberg); \u00d6ffnungszeiten Mo &#8211; Fr. 15.00 &#8211; 18.00 Uhr, Sa 10.00 &#8211; 13.00 Uhr (oder nach Vereinbarung!)\u00a0 \u00a0 \u00a0\u00a0<\/span><span style=\"font-family: arial,helvetica,sans-serif; font-size: 12pt;\"><strong>So k\u00f6nnen sie bestellen:\u00a0\u00a0\u00a0\u00a0<\/strong><strong>Tel. 09151\/4716\u00a0\u00a0oder\u00a0\u00a0\u00a0 <strong><a href=\"mailto:gabys-zauberland@t-online.de\">gabys-zauberland@t-online.de<\/a>\u00a0\u00a0 <\/strong><\/strong>oder \u00fcber das<strong><strong> Kontaktformular oben\u00a0\u00a0\u00a0\u00a0\u00a0\u00a0\u00a0<\/strong><\/strong><\/span><\/p>\n<p style=\"text-align: center;\"><span style=\"font-size: 18px;\">&#8211; Seite 8 &#8211;<\/span><\/p>\n<table border=\"0\" align=\"center\">\n<tbody>\n<tr>\n<td><span style=\"font-size: 18px;\">Seiten<\/span><\/td>\n<td><span style=\"font-size: 18px;\"><a title=\"Denkspiele\" href=\"http:\/\/www.hund-hersbruck.de\/web_neu\/?page_id=106\">1<\/a><\/span><\/td>\n<td><span style=\"font-size: 18px;\"><a title=\"Seite 2\" href=\"http:\/\/www.hund-hersbruck.de\/web_neu\/?page_id=4167\">2<\/a><\/span><\/td>\n<td><span style=\"font-size: 18px;\"><a title=\"Seite 3\" href=\"http:\/\/www.hund-hersbruck.de\/web_neu\/?page_id=4170\">3<\/a><\/span><\/td>\n<td><span style=\"font-size: 18px;\"><a title=\"Seite 4\" href=\"http:\/\/www.hund-hersbruck.de\/web_neu\/?page_id=4172\">4<\/a><\/span><\/td>\n<td><span style=\"font-size: 18px;\"><a title=\"Seite 5\" href=\"http:\/\/www.hund-hersbruck.de\/web_neu\/?page_id=4691\">5<\/a><\/span><\/td>\n<td><span style=\"font-size: 18px;\"><a title=\"Seite 6\" href=\"http:\/\/www.hund-hersbruck.de\/web_neu\/?page_id=4176\">6<\/a><\/span><\/td>\n<td><span style=\"font-size: 18px;\"><a title=\"Seite 7\" href=\"http:\/\/www.hund-hersbruck.de\/web_neu\/?page_id=4178\">7<\/a><\/span><\/td>\n<td><span style=\"font-size: 18px;\"><a title=\"Denkspiele_Seite 8\" href=\"http:\/\/www.hund-hersbruck.de\/web_neu\/denkspiele\/denkspiele_seite-8\/\">8<\/a><\/span><\/td>\n<td><span style=\"font-size: 18px;\"><a title=\"Denkspiele_Seite 9\" href=\"http:\/\/www.hund-hersbruck.de\/web_neu\/denkspiele\/denkspiele_seite-9\/\">9<\/a><\/span><\/td>\n<\/tr>\n<\/tbody>\n<\/table>\n<div class=\"field field-name-field-product-tagline field-type-text field-label-hidden\">\n<div class=\"field-items\">\n<div class=\"field-item even\" style=\"text-align: justify;\"><\/div>\n<\/div>\n<\/div>\n<p><strong><span style=\"font-family: arial, helvetica, sans-serif; font-size: 12pt;\"><span style=\"color: #993300;\">Optisches Illusions-Puzzle<\/span>\u00a0 \u00a0 \u00a08,00 \u20ac\u00a0 \u00a0<\/span><\/strong><span style=\"font-family: arial, helvetica, sans-serif; font-size: 10pt; color: #0000ff;\"> (nur noch ein paar wenige, nicht mehr alle Modelle)<\/span><br \/>\n<span style=\"font-family: arial, helvetica, sans-serif; font-size: 10pt;\"><img loading=\"lazy\" decoding=\"async\" class=\"alignnone size-medium wp-image-15661\" src=\"http:\/\/www.hund-hersbruck.de\/web_neu\/wp-content\/uploads\/optIllusionPuzzle1-279x300.jpg\" alt=\"\" width=\"279\" height=\"300\" srcset=\"http:\/\/www.hund-hersbruck.de\/web_neu\/wp-content\/uploads\/optIllusionPuzzle1-279x300.jpg 279w, http:\/\/www.hund-hersbruck.de\/web_neu\/wp-content\/uploads\/optIllusionPuzzle1-954x1024.jpg 954w, http:\/\/www.hund-hersbruck.de\/web_neu\/wp-content\/uploads\/optIllusionPuzzle1-140x150.jpg 140w, http:\/\/www.hund-hersbruck.de\/web_neu\/wp-content\/uploads\/optIllusionPuzzle1-768x825.jpg 768w, http:\/\/www.hund-hersbruck.de\/web_neu\/wp-content\/uploads\/optIllusionPuzzle1-1430x1536.jpg 1430w, http:\/\/www.hund-hersbruck.de\/web_neu\/wp-content\/uploads\/optIllusionPuzzle1-1907x2048.jpg 1907w\" sizes=\"auto, (max-width: 279px) 100vw, 279px\" \/><img loading=\"lazy\" decoding=\"async\" class=\"alignnone size-medium wp-image-15662\" src=\"http:\/\/www.hund-hersbruck.de\/web_neu\/wp-content\/uploads\/optIllusionspuzzle2-300x169.jpg\" alt=\"\" width=\"300\" height=\"169\" srcset=\"http:\/\/www.hund-hersbruck.de\/web_neu\/wp-content\/uploads\/optIllusionspuzzle2-300x169.jpg 300w, http:\/\/www.hund-hersbruck.de\/web_neu\/wp-content\/uploads\/optIllusionspuzzle2-1024x575.jpg 1024w, http:\/\/www.hund-hersbruck.de\/web_neu\/wp-content\/uploads\/optIllusionspuzzle2-150x84.jpg 150w, http:\/\/www.hund-hersbruck.de\/web_neu\/wp-content\/uploads\/optIllusionspuzzle2-768x431.jpg 768w, http:\/\/www.hund-hersbruck.de\/web_neu\/wp-content\/uploads\/optIllusionspuzzle2-1536x863.jpg 1536w, http:\/\/www.hund-hersbruck.de\/web_neu\/wp-content\/uploads\/optIllusionspuzzle2-2048x1150.jpg 2048w\" sizes=\"auto, (max-width: 300px) 100vw, 300px\" \/>\u00a0 \u00a0Ein kniffliges, t\u00fcfteliges optisches Illusionspuzzle f\u00fcr ausdauernde, fortgeschrittene Puzzlefans mit Frustrationstoleranz! 156 relativ kleine (ca. 3 cm x 2 cm), abstrakte Teile, die insgesamt ein &#8230; schwarz-wei\u00dfes Bild ergeben. Wegen verschluckbarer Kleinteile nicht f\u00fcr Kinder unter drei Jahren geeignet! (auch f\u00fcr viele \u00e4ltere nicht \ud83d\ude09\u00a0 \u00a0)\u00a0 \u00a0In schmucker, dreieckiger Blechdose (14 cm hoch, 7 cm Schenkel). Also auch ein Geschenk f\u00fcr entsprechend geeignete Leute &#8230; \ud83d\ude09<\/span><\/p>\n<p>&nbsp;<\/p>\n<div class=\"field field-name-field-product-tagline field-type-text field-label-hidden\">\n<div class=\"field-items\">\n<div class=\"field-item even\" style=\"text-align: justify;\">\n<p class=\"empty-paragraph\">\n<\/div>\n<\/div>\n<\/div>\n<p class=\"empty-paragraph\">\u00a0<span style=\"font-size: 1px; color: transparent;\">.<\/span>\u00a0<span style=\"font-size: 12pt;\"><span style=\"font-family: arial,helvetica,sans-serif;\"><span style=\"color: #0000ff;\"><strong>von Smart Games:<\/strong><\/span><\/span> <strong><span style=\"font-family: arial,helvetica,sans-serif;\"><span style=\"color: #993300;\">Butterflies\u00a0\u00a0\u00a0\u00a0\u00a0<\/span> 16.- \u20ac\u00a0\u00a0\u00a0\u00a0 SONDERPREIS<\/span><\/strong><\/span><\/p>\n<div class=\"field field-name-field-product-tagline field-type-text field-label-hidden\">\n<div class=\"field-items\">\n<div class=\"field-item even\" style=\"text-align: justify;\">\n<p><span style=\"font-family: arial,helvetica,sans-serif; font-size: 12pt;\"><span style=\"font-family: arial,helvetica,sans-serif; font-size: 12pt;\"><a href=\"http:\/\/www.hund-hersbruck.de\/web_neu\/wp-content\/uploads\/butterflies-smartgames.jpg\"><img loading=\"lazy\" decoding=\"async\" class=\"alignleft size-medium wp-image-9378\" src=\"http:\/\/www.hund-hersbruck.de\/web_neu\/wp-content\/uploads\/butterflies-smartgames-260x300.jpg\" alt=\"butterflies-smartgames\" width=\"260\" height=\"300\" srcset=\"http:\/\/www.hund-hersbruck.de\/web_neu\/wp-content\/uploads\/butterflies-smartgames-260x300.jpg 260w, http:\/\/www.hund-hersbruck.de\/web_neu\/wp-content\/uploads\/butterflies-smartgames-130x150.jpg 130w, http:\/\/www.hund-hersbruck.de\/web_neu\/wp-content\/uploads\/butterflies-smartgames.jpg 400w\" sizes=\"auto, (max-width: 260px) 100vw, 260px\" \/><\/a><a href=\"http:\/\/www.hund-hersbruck.de\/web_neu\/wp-content\/uploads\/smartgames_butterflies_2.jpg\"><img loading=\"lazy\" decoding=\"async\" class=\"alignleft size-thumbnail wp-image-9379\" src=\"http:\/\/www.hund-hersbruck.de\/web_neu\/wp-content\/uploads\/smartgames_butterflies_2-130x150.jpg\" alt=\"smartgames_butterflies_2\" width=\"130\" height=\"150\" srcset=\"http:\/\/www.hund-hersbruck.de\/web_neu\/wp-content\/uploads\/smartgames_butterflies_2-130x150.jpg 130w, http:\/\/www.hund-hersbruck.de\/web_neu\/wp-content\/uploads\/smartgames_butterflies_2-260x300.jpg 260w, http:\/\/www.hund-hersbruck.de\/web_neu\/wp-content\/uploads\/smartgames_butterflies_2.jpg 400w\" sizes=\"auto, (max-width: 130px) 100vw, 130px\" \/><\/a><a href=\"http:\/\/www.hund-hersbruck.de\/web_neu\/wp-content\/uploads\/smartgames_butterflies_4.jpg\"><img loading=\"lazy\" decoding=\"async\" class=\"alignleft size-thumbnail wp-image-9380\" src=\"http:\/\/www.hund-hersbruck.de\/web_neu\/wp-content\/uploads\/smartgames_butterflies_4-130x150.jpg\" alt=\"smartgames_butterflies_4\" width=\"130\" height=\"150\" srcset=\"http:\/\/www.hund-hersbruck.de\/web_neu\/wp-content\/uploads\/smartgames_butterflies_4-130x150.jpg 130w, http:\/\/www.hund-hersbruck.de\/web_neu\/wp-content\/uploads\/smartgames_butterflies_4-260x300.jpg 260w, http:\/\/www.hund-hersbruck.de\/web_neu\/wp-content\/uploads\/smartgames_butterflies_4.jpg 400w\" sizes=\"auto, (max-width: 130px) 100vw, 130px\" \/><\/a><span style=\"font-size: 10pt;\">Breite die Fl\u00fcgel aus \u2026 und befl\u00fcgele dein Gehirn! Kannst du dein Gehirn gebrauchen, um aus wahllosen Teilen sch\u00f6ne Schmetterlinge zu bilden? Wings of Wonder ist ein einzigartiges und unterhaltsames Schiebepuzzle mit 48 Aufgaben, von einfach bis schwierig. Ein perfektes, kompaktes Reisespiel, das \u00fcber ein Aufbewahrungsfach f\u00fcr die Puzzleteile verf\u00fcgt sowie mit einem Aufgabenheft geliefert wird. F\u00fcr Kinder, Jugendliche und Erwachsene! Nu<span style=\"color: #ff0000;\">r noch, solange unser Vorrat reicht!<\/span><\/span><span style=\"font-size: 8pt;\">Nicht f\u00fcr Kinder unter drei Jahren geeignet wegen verschluckbarer Kleinteile.\u00a0\u00a0\u00a0 Nur noch, solange unser Vorrat reicht!<\/span><\/span><\/span><\/p>\n<p class=\"empty-paragraph\"><span style=\"font-size: 8pt;\"><span style=\"color: transparent;\">.<\/span><\/span><\/p>\n<p class=\"empty-paragraph\">\u00a0<span style=\"font-size: 1px; color: transparent;\">.<\/span>\u00a0<span style=\"font-size: 1px; color: transparent;\">.<\/span><\/p>\n<\/div>\n<\/div>\n<\/div>\n<p style=\"text-align: center;\"><span style=\"color: #ff0000;\"><strong><span style=\"font-family: arial,helvetica,sans-serif; font-size: 14pt;\">\u00a0Sie waren eben auf unserer Denkspielseite 8. Also k\u00f6nnen Sie jetzt &#8230;<\/span><\/strong><\/span><\/p>\n<table border=\"0\" align=\"center\">\n<tbody>\n<tr>\n<td><span style=\"font-size: 18px;\">Seiten<\/span><\/td>\n<td><span style=\"font-size: 18px;\"><a title=\"Denkspiele\" href=\"http:\/\/www.hund-hersbruck.de\/web_neu\/?page_id=106\">1<\/a><\/span><\/td>\n<td><span style=\"font-size: 18px;\"><a title=\"Seite 2\" href=\"http:\/\/www.hund-hersbruck.de\/web_neu\/?page_id=4167\">2<\/a><\/span><\/td>\n<td><span style=\"font-size: 18px;\"><a title=\"Seite 3\" href=\"http:\/\/www.hund-hersbruck.de\/web_neu\/?page_id=4170\">3<\/a><\/span><\/td>\n<td><span style=\"font-size: 18px;\"><a title=\"Seite 4\" href=\"http:\/\/www.hund-hersbruck.de\/web_neu\/?page_id=4172\">4<\/a><\/span><\/td>\n<td><span style=\"font-size: 18px;\"><a title=\"Seite 5\" href=\"http:\/\/www.hund-hersbruck.de\/web_neu\/?page_id=4691\">5<\/a><\/span><\/td>\n<td><span style=\"font-size: 18px;\"><a title=\"Seite 6\" href=\"http:\/\/www.hund-hersbruck.de\/web_neu\/?page_id=4176\">6<\/a><\/span><\/td>\n<td><span style=\"font-size: 18px;\"><a title=\"Seite 7\" href=\"http:\/\/www.hund-hersbruck.de\/web_neu\/?page_id=4178\">7<\/a><\/span><\/td>\n<td><span style=\"font-size: 18px;\"><a title=\"Denkspiele_Seite 8\" href=\"http:\/\/www.hund-hersbruck.de\/web_neu\/denkspiele\/denkspiele_seite-8\/\">8<\/a><\/span><\/td>\n<td><span style=\"font-size: 18px;\"><a title=\"Denkspiele_Seite 9\" href=\"http:\/\/www.hund-hersbruck.de\/web_neu\/denkspiele\/denkspiele_seite-9\/\">9<\/a><\/span><\/td>\n<\/tr>\n<\/tbody>\n<\/table>\n","protected":false},"excerpt":{"rendered":"<p>&nbsp; Denkspiele &#8211; Strategiespiele &#8211; T\u00fcftelspiele Butterflies &#8211; SmartGames \u00dcbrigens: Bei uns k\u00f6nnen Sie\u00a0alle Denk- und T\u00fcftelspiele (die hier und auf den anderen Seiten aufgef\u00fchrt sind) im Gesch\u00e4ft vor dem Kauf ausprobieren! \u00a0\u00a0 F\u00fcr alle Altersstufen! F\u00fcr Anf\u00e4nger und Fortgeschrittene! Allein oder &#8230;\u00a0 Preis\u00e4nderungen leider vorbehalten! Mindestbestellsumme 15.- Euro.\u00a0\u00a0 Wir liefern mit DHL Ladengesch\u00e4ft: Amberger [&hellip;]<\/p>\n","protected":false},"author":1,"featured_media":0,"parent":106,"menu_order":0,"comment_status":"closed","ping_status":"closed","template":"","meta":{"footnotes":""},"class_list":["post-8597","page","type-page","status-publish","hentry"],"_links":{"self":[{"href":"http:\/\/www.hund-hersbruck.de\/web_neu\/wp-json\/wp\/v2\/pages\/8597","targetHints":{"allow":["GET"]}}],"collection":[{"href":"http:\/\/www.hund-hersbruck.de\/web_neu\/wp-json\/wp\/v2\/pages"}],"about":[{"href":"http:\/\/www.hund-hersbruck.de\/web_neu\/wp-json\/wp\/v2\/types\/page"}],"author":[{"embeddable":true,"href":"http:\/\/www.hund-hersbruck.de\/web_neu\/wp-json\/wp\/v2\/users\/1"}],"replies":[{"embeddable":true,"href":"http:\/\/www.hund-hersbruck.de\/web_neu\/wp-json\/wp\/v2\/comments?post=8597"}],"version-history":[{"count":36,"href":"http:\/\/www.hund-hersbruck.de\/web_neu\/wp-json\/wp\/v2\/pages\/8597\/revisions"}],"predecessor-version":[{"id":17667,"href":"http:\/\/www.hund-hersbruck.de\/web_neu\/wp-json\/wp\/v2\/pages\/8597\/revisions\/17667"}],"up":[{"embeddable":true,"href":"http:\/\/www.hund-hersbruck.de\/web_neu\/wp-json\/wp\/v2\/pages\/106"}],"wp:attachment":[{"href":"http:\/\/www.hund-hersbruck.de\/web_neu\/wp-json\/wp\/v2\/media?parent=8597"}],"curies":[{"name":"wp","href":"https:\/\/api.w.org\/{rel}","templated":true}]}}