{"id":6505,"date":"2013-08-06T12:15:18","date_gmt":"2013-08-06T12:15:18","guid":{"rendered":"http:\/\/www.hund-hersbruck.de\/web_neu\/?page_id=6505"},"modified":"2025-08-05T08:30:04","modified_gmt":"2025-08-05T08:30:04","slug":"bucher","status":"publish","type":"page","link":"http:\/\/www.hund-hersbruck.de\/web_neu\/bucher\/","title":{"rendered":"B\u00fccher"},"content":{"rendered":"<h2 style=\"text-align: center;\"><span style=\"color: #000000; font-family: arial,helvetica,sans-serif;\"><span style=\"font-size: 14pt;\"><strong>Physikalische + mathematische + t\u00fcftelige + spa\u00dfige + &#8230; B\u00fccher<\/strong><\/span><span style=\"font-size: 12px;\"><span style=\"font-size: 14pt;\">,<\/span> die uns selbst gefallen und die wir deshalb gerne mitschicken &#8230;<\/span><\/span><\/h2>\n<p style=\"text-align: center;\"><span style=\"font-size: 16px;\">&#8211; Seite 1 &#8211;<\/span><\/p>\n<p style=\"text-align: center;\"><span style=\"font-family: arial,helvetica,sans-serif; font-size: 10pt;\"><strong>Preis\u00e4nderungen<\/strong> vorbehalten! <strong>Mindestbestellwert 15.- \u20ac; <\/strong>zuz\u00fcglich Porto zum Selbstkostenpreis.<\/span><\/p>\n<p style=\"text-align: center;\"><span style=\"font-family: arial,helvetica,sans-serif; font-size: 10pt;\">\u00a0<strong>So k\u00f6nnen sie bestellen:<\/strong><\/span><\/p>\n<p style=\"text-align: center;\"><span style=\"font-family: arial,helvetica,sans-serif; font-size: 10pt;\"><strong>Tel. 09151\/4716\u00a0\u00a0\u00a0\u00a0\u00a0\u00a0\u00a0\u00a0\u00a0\u00a0\u00a0 <strong><a href=\"mailto:gabys-zauberland@t-online.de\">gabys-zauberland@t-online.de<\/a><\/strong><\/strong>oder \u00fcber das <strong><strong>Kontaktformular oben\u00a0\u00a0\u00a0 <\/strong><\/strong>Wir liefern mit DHL<\/span><\/p>\n<table border=\"0\" align=\"center\">\n<tbody>\n<tr>\n<td><span style=\"font-size: 18px;\">Seiten<\/span><\/td>\n<td><span style=\"font-size: 18px;\"><a title=\"B\u00fccher\" href=\"http:\/\/www.hund-hersbruck.de\/web_neu\/?page_id=6505\">1<\/a><\/span><\/td>\n<td><span style=\"font-size: 18px;\"><a title=\"B\u00fccher_Seite2\" href=\"http:\/\/www.hund-hersbruck.de\/web_neu\/?page_id=6509\">2<\/a><\/span><\/td>\n<td><span style=\"font-size: 18px;\"><a title=\"B\u00fccher_Seite3\" href=\"http:\/\/www.hund-hersbruck.de\/web_neu\/?page_id=6511\">3<\/a><\/span><\/td>\n<\/tr>\n<\/tbody>\n<\/table>\n<p style=\"text-align: justify;\"><span style=\"font-family: arial,helvetica,sans-serif; font-size: 14px;\"><span style=\"color: #993300;\"><strong><strong><span style=\"font-size: 12pt;\">Ucke, Christian \/ Schlichting, H. Joachim &#8222;Spiel, Physik und Spa\u00df &#8211; Physik zum Mitdenken <img loading=\"lazy\" decoding=\"async\" title=\"WILEY-VCH WEINHEIM, GERMANY\" src=\"http:\/\/www.hund-hersbruck.de\/web_neu\/wp-content\/uploads\/Buch-Ucke-112x150.jpg\" alt=\"\" width=\"112\" height=\"150\" \/>und Nachmachen&#8220;\u00a0<\/span><strong><span style=\"font-size: 12pt;\">29,90 <\/span>\u20ac<\/strong><\/strong> <\/strong><\/span><span style=\"font-size: 10pt;\">160 Seiten mit 150 Farbabbildungen, gebundenDas Buch beschreibt Spielzeuge mit physikalischem Hintergrund und geht dabei ein auf Entdeckung, Entwicklung, Geschichte, Verbindung zu anderen Disziplinen. Dieses Buch ist bildreich illustriert und beinhaltet Anregungen zum Selberexperimentieren. Zwei begeisterte und begeisternde Physikdidaktiker haben es wunderbar verstanden, einige der auch von uns angebotenen physikalischen &#8222;Ph\u00e4nomene&#8220; zu beschreiben und die wissenschaftlichen sowie historischen Hintergr\u00fcnde\u00a0 darzustellen. Beispiele aus dem Inhalt: MECHANIK * Steh auf Kreisel\u00a0 * Keltische Wackelsteine\u00a0 * Vom Zauber der Hui-Maschine\u00a0 * Der Flug des gefl\u00fcgelten Samens\u00a0 * Tanzende Puppen und rasende B\u00fcrsten * Springspielzeug * Der Spielzeugspecht * Der Trank aus dem Tantalus-Becher * Das Liebesthermometer * Der trinkende Storch * Das Goethe-Barometer\u00a0 Das Galileo-Thermometer &#8211; Termometro Lento * Spielerisches Bimetall * Klassische Magnetkreise * Die Magnetkanone * Das Bild vom Bild &#8211; der Zauberspiegel Mirage\u00a0\u00a0<\/span><\/span><\/p>\n<p class=\"empty-paragraph\">\u00a0<span style=\"font-size: 1px; color: transparent;\">.<\/span><\/p>\n<p style=\"text-align: center;\"><span style=\"color: #ff0000; font-size: 12pt;\"><span style=\"font-family: arial,helvetica,sans-serif;\">Inzwischen gibt es von den doch einigen B\u00fcchern von <span style=\"text-decoration: underline;\"><strong>Wolfgang Hund<\/strong> <\/span>zum <span style=\"color: #0000ff; text-decoration: underline;\"><strong>Thema &#8222;Okkultismus \/ Esoterik&#8220;<\/strong><\/span> mit p\u00e4dagogischer Zielrichtung im Handel keines mehr. <\/span><span style=\"font-family: arial,helvetica,sans-serif;\">WIR haben uns noch eingedeckt vom letzten, das f\u00fcr diesen Bereich wohl inzwischen zur Standardliteratur z\u00e4hlt. solange halt der Vorrat reicht &#8230;<\/span><\/span><\/p>\n<p style=\"text-align: justify;\"><span style=\"font-family: arial,helvetica,sans-serif; font-size: 12pt;\">Wolfgang Hund\u00a0\u00a0\u00a0 <\/span><span style=\"color: #0000ff; font-family: arial,helvetica,sans-serif; font-size: 18pt;\"><span style=\"font-size: 12pt;\"><strong>\u201eGibt\u2019s das wirklich?\u201c<\/strong> &#8211; Okkultismus und Esoterik in Fragen und Antworten<\/span> <\/span><\/p>\n<p style=\"text-align: justify;\"><span style=\"font-family: arial,helvetica,sans-serif; font-size: 14pt;\">\u00a0<span style=\"color: #ff0000; font-size: 12pt;\"><strong><em>Band 1<\/em><\/strong>: Pendeln \u2013 Gl\u00e4serr\u00fccken \u2013 Heilende H\u00e4nde \u2013 Erziehung zum kritischen Denken<\/span><\/span><\/p>\n<p style=\"text-align: justify;\"><span style=\"font-family: arial,helvetica,sans-serif; font-size: 14pt;\">\u00a0<a href=\"http:\/\/www.hund-hersbruck.de\/web_neu\/wp-content\/uploads\/Okkultismus-CareLine.jpg\"><img loading=\"lazy\" decoding=\"async\" class=\"alignleft size-medium wp-image-10451\" src=\"http:\/\/www.hund-hersbruck.de\/web_neu\/wp-content\/uploads\/Okkultismus-CareLine-225x300.jpg\" alt=\"Okkultismus CareLine\" width=\"225\" height=\"300\" srcset=\"http:\/\/www.hund-hersbruck.de\/web_neu\/wp-content\/uploads\/Okkultismus-CareLine-225x300.jpg 225w, http:\/\/www.hund-hersbruck.de\/web_neu\/wp-content\/uploads\/Okkultismus-CareLine-112x150.jpg 112w, http:\/\/www.hund-hersbruck.de\/web_neu\/wp-content\/uploads\/Okkultismus-CareLine-768x1024.jpg 768w\" sizes=\"auto, (max-width: 225px) 100vw, 225px\" \/><\/a>\u00a0\u00a0\u00a0\u00a0<span style=\"font-size: 10pt;\"> Der Text des <strong>Care \u2013 Line &#8211; Verlags<\/strong> sagt alles: \u201eFast alle Jugendlichen kommen heutzutage mit okkulten Praktiken in Ber\u00fchrung \u2013 unter anderem durch sensationell aufgemachte Bericht in Jugendzeitschriften oder das gemeinsame Ausprobieren im Freundeskreis. Die daraus resultierenden Fragen und Gef\u00fchle werden dann in die Schule hineingetragen. Lehrer stehen einer notwendigen kritischen Aufarbeitung in der Regel aber unvorbereitet gegen\u00fcber. Die auf drei B\u00e4nde angelegte Reihe \u201eGibt\u2019s das wirklich?\u201c soll hier Abhilfe schaffen. Der Autor Wolfgang Hund h\u00e4lt bei Lehrerfortbildungen bundesweit Vortr\u00e4ge zum Thema \u201eOkkultismus\u201c und kennt die starke Nachfrage nach Informationen und Unterrichtsideen zu diesem Thema. Lehrern bietet er eine optimale Anleitung, wie sie aufkl\u00e4rend und pr\u00e4ventiv wirken k\u00f6nnen. Viel Wert legt er dabei auf aktives, handlungsorientiertes Lernen, da nur auf diese Weise die Mechanismen beim Umgang mit okkulten Praktiken f\u00fcr die Sch\u00fcler erfahrbar werden.\u00a0 Geeignet f\u00fcr die Sekundarstufen I und II, f\u00fcr Religion, Ethik und den f\u00e4cher\u00fcbergreifenden Unterricht; 58 Seiten, DIN A 4 (mit Kopiervorlagen)\u201c,\u00a0\u00a0\u00a0 <\/span><\/span><span style=\"font-family: arial,helvetica,sans-serif; font-size: 12pt;\"><strong>12,80 \u20ac<\/strong><\/span><\/p>\n<p class=\"empty-paragraph\">\u00a0<span style=\"font-size: 1px; color: transparent;\">.<\/span><\/p>\n<p style=\"text-align: justify;\">\u00a0<strong>Sekunden\u00a0\u00a0\u00a0\u00a0 <\/strong>(rororo)<strong> 8,99 \u20ac<\/strong> Der <img loading=\"lazy\" decoding=\"async\" title=\"BuchPhysikfuerEierkoepfe\" src=\"http:\/\/www.hund-hersbruck.de\/web_neu\/wp-content\/uploads\/BuchPhysikfuerEierkoepfe.jpg\" alt=\"\" width=\"72\" height=\"110\" \/>erfolgreichste popul\u00e4rwissenschaftliche Podcast Amerikas bringt das physikalische Wissen in aller K\u00fcrze auf den Punkt. Ohne einen Tropfen Schwei\u00df zu vergeuden, lernen Sie, was Quarks und Multiversen sind oder die Unsch\u00e4rferelation und die Kopenhagener Deutung, Schwarze L\u00f6cher, Quantenkatzen, Plasma und Solarenergie. Erfahren Sie, wo Einstein pfuschte, wie der iPod zustande kam, was Antimaterie ist und wieso Licht dem Baywatch-Prinzip gehorcht und wie man es anhalten kann, warum Zeitreisen m\u00f6glich sind oder dass Benzin \u00fcber 700-mal so explosiv ist wie eine Gewehrkugel \u2013 und vieles mehr. \u00abAuch ohne fachliches Vorwissen leicht zu verstehen, sehr empfehlenswert.\u00bb Popular Science .<\/p>\n<p>&nbsp;<\/p>\n<p><strong>neu 2012bei uns im Sortiment:\u00a0Einige der wunderbaren &#8222;&#8230; f\u00fcr Dummies&#8220; &#8211; B\u00fccher:<\/strong> <strong><strong><a href=\"http:\/\/www.hund-hersbruck.de\/web_neu\/phys-spielzeug_seite-8\/wiley-vch-weinheim-germany-2\/\" rel=\"attachment wp-att-4061\"><img loading=\"lazy\" decoding=\"async\" title=\"WILEY-VCH WEINHEIM, GERMANY\" src=\"http:\/\/www.hund-hersbruck.de\/web_neu\/wp-content\/uploads\/Buch-DummiesChemiekompakt.jpg\" alt=\"\" width=\"120\" height=\"170\" \/><\/a><\/strong>&#8222;Chemie kompakt f\u00fcr Dummies&#8220;\u00a0 10,00 \u20ac<\/strong> Die Welt der Elemente ist gro\u00df, doch die Grundlagen sind schnell erkl\u00e4rt. John T. Moore gibt Ihnen in diesem Buch eine schnelle Einf\u00fchrung in das, was Sie \u00fcber Chemie wissen m\u00fcssen. .Die Welt der Elemente ist gro\u00df, doch die Grundlagen sind schnell erkl\u00e4rt. John T. Moore gibt Ihnen in diesem Buch eine schnelle Einf\u00fchrung in das, was Sie \u00fcber Chemie wissen m\u00fcssen.<\/p>\n<p>&nbsp;<\/p>\n<p><a href=\"http:\/\/www.hund-hersbruck.de\/web_neu\/phys-spielzeug_seite-8\/wiley-vch-weinheim-germany-3\/\" rel=\"attachment wp-att-4062\"><img loading=\"lazy\" decoding=\"async\" title=\"WILEY-VCH WEINHEIM, GERMANY\" src=\"http:\/\/www.hund-hersbruck.de\/web_neu\/wp-content\/uploads\/Buch-DummiesChemie.jpg\" alt=\"\" width=\"120\" height=\"164\" \/><\/a><strong>&#8222;Chemie f\u00fcr Dummies&#8220; 19,95 \u20ac<\/strong> Wenn es knallt und stinkt, dann ist Chemie im Spiel! Chemie f\u00fcr Dummies macht deutlich, dass Chemie nicht nur aus Formeln, sondern vor allem aus unz\u00e4hligen interessanten Stoffen, Versuchen und Reaktionen besteht. In diesem etwas anderen Chemie-Buch lernen Sie die Grundlagen der Chemie kennen und erfahren, wo sich chemische Ph\u00e4nomene im Alltag bemerkbar machen. John T. Moore macht f\u00fcr Sie so schwer vorstellbare Begriffe wie Atom, Base oder Molek\u00fcl begreiflich und zeigt, wie man mit dem Periodensystem umgeht. Erfahren Sie au\u00dferdem, welche wichtige Rolle die Chemie im t\u00e4glichen Leben spielt: Kosmetik, Medizin, Umweltschutz und vieles mehr!<\/p>\n<p>&nbsp;<\/p>\n<p><a href=\"http:\/\/www.hund-hersbruck.de\/web_neu\/phys-spielzeug_seite-8\/wiley-vch-weinheim-germany-4\/\" rel=\"attachment wp-att-4063\"><img loading=\"lazy\" decoding=\"async\" title=\"WILEY-VCH WEINHEIM, GERMANY\" src=\"http:\/\/www.hund-hersbruck.de\/web_neu\/wp-content\/uploads\/Buch-DummiesPhysikII.jpg\" alt=\"\" width=\"120\" height=\"164\" \/><\/a><strong>&#8222;Physik II f\u00fcr Dummies&#8220;\u00a0 22,95 \u20ac<\/strong> Manchmal ist es zu wenig, die Grundlagen der Physik zu verstehen, und in Schule, Studium oder Beruf muss es ein wenig mehr sein: Dann ist \u00bbPhysik II f\u00fcr Dummies\u00ab das richtige Buch f\u00fcr Sie.<\/p>\n<p>&nbsp;<\/p>\n<table border=\"0\" align=\"center\">\n<tbody>\n<tr>\n<td><span style=\"font-size: 18px;\">Seiten<\/span><\/td>\n<td><span style=\"font-size: 18px;\"><a title=\"B\u00fccher\" href=\"http:\/\/www.hund-hersbruck.de\/web_neu\/?page_id=6505\">1<\/a><\/span><\/td>\n<td><span style=\"font-size: 18px;\"><a title=\"B\u00fccher_Seite2\" href=\"http:\/\/www.hund-hersbruck.de\/web_neu\/?page_id=6509\">2<\/a><\/span><\/td>\n<td><span style=\"font-size: 18px;\"><a title=\"B\u00fccher_Seite3\" href=\"http:\/\/www.hund-hersbruck.de\/web_neu\/?page_id=6511\">3<\/a><\/span><\/td>\n<\/tr>\n<\/tbody>\n<\/table>\n<p>&nbsp;<\/p>\n","protected":false},"excerpt":{"rendered":"<p>Physikalische + mathematische + t\u00fcftelige + spa\u00dfige + &#8230; B\u00fccher, die uns selbst gefallen und die wir deshalb gerne mitschicken &#8230; &#8211; Seite 1 &#8211; Preis\u00e4nderungen vorbehalten! Mindestbestellwert 15.- \u20ac; zuz\u00fcglich Porto zum Selbstkostenpreis. \u00a0So k\u00f6nnen sie bestellen: Tel. 09151\/4716\u00a0\u00a0\u00a0\u00a0\u00a0\u00a0\u00a0\u00a0\u00a0\u00a0\u00a0 gabys-zauberland@t-online.deoder \u00fcber das Kontaktformular oben\u00a0\u00a0\u00a0 Wir liefern mit DHL Seiten 1 2 3 Ucke, Christian [&hellip;]<\/p>\n","protected":false},"author":1,"featured_media":0,"parent":0,"menu_order":0,"comment_status":"closed","ping_status":"closed","template":"","meta":{"footnotes":""},"class_list":["post-6505","page","type-page","status-publish","hentry"],"_links":{"self":[{"href":"http:\/\/www.hund-hersbruck.de\/web_neu\/wp-json\/wp\/v2\/pages\/6505","targetHints":{"allow":["GET"]}}],"collection":[{"href":"http:\/\/www.hund-hersbruck.de\/web_neu\/wp-json\/wp\/v2\/pages"}],"about":[{"href":"http:\/\/www.hund-hersbruck.de\/web_neu\/wp-json\/wp\/v2\/types\/page"}],"author":[{"embeddable":true,"href":"http:\/\/www.hund-hersbruck.de\/web_neu\/wp-json\/wp\/v2\/users\/1"}],"replies":[{"embeddable":true,"href":"http:\/\/www.hund-hersbruck.de\/web_neu\/wp-json\/wp\/v2\/comments?post=6505"}],"version-history":[{"count":29,"href":"http:\/\/www.hund-hersbruck.de\/web_neu\/wp-json\/wp\/v2\/pages\/6505\/revisions"}],"predecessor-version":[{"id":17594,"href":"http:\/\/www.hund-hersbruck.de\/web_neu\/wp-json\/wp\/v2\/pages\/6505\/revisions\/17594"}],"wp:attachment":[{"href":"http:\/\/www.hund-hersbruck.de\/web_neu\/wp-json\/wp\/v2\/media?parent=6505"}],"curies":[{"name":"wp","href":"https:\/\/api.w.org\/{rel}","templated":true}]}}