{"id":6473,"date":"2013-07-11T07:35:35","date_gmt":"2013-07-11T07:35:35","guid":{"rendered":"http:\/\/www.hund-hersbruck.de\/web_neu\/?page_id=6473"},"modified":"2025-08-02T19:00:39","modified_gmt":"2025-08-02T19:00:39","slug":"akustik-2","status":"publish","type":"page","link":"http:\/\/www.hund-hersbruck.de\/web_neu\/akustik-1\/akustik-2\/","title":{"rendered":"Akustik 2"},"content":{"rendered":"<h2 style=\"text-align: center;\"><strong><span style=\"color: #800000;\">Akustik<\/span><\/strong><\/h2>\n<p style=\"text-align: center;\"><strong><span style=\"font-family: arial,helvetica,sans-serif; font-size: 16px;\"><span style=\"font-size: 10pt;\">Donnerrohr &#8211;\u00a0Knackfrosch &#8211;\u00a0Sturmscheiben &#8211;\u00a0 Heulschlauch &#8211; Heulr\u00f6hre &#8211; Klangfrosch &#8211;<\/span><br \/>\n<\/span><\/strong><span style=\"font-size: 10pt;\"><span style=\"font-family: arial, helvetica, sans-serif;\">Preis\u00e4nderungen leider vorbehalten! <span style=\"text-decoration: underline;\"><strong>Mindestbestellsumme<\/strong> <\/span>15.- Euro.\u00a0 Laden\u00f6ffnungszeiten: Mo &#8211; Fr. 15.00 &#8211; 18.00 Uhr, Sa 10.00 &#8211; 13.00 Uhr<\/span> <span style=\"font-family: arial, helvetica, sans-serif;\"><strong>So k\u00f6nnen sie bestellen:\u00a0\u00a0\u00a0\u00a0<\/strong><strong>Tel. 09151\/4716\u00a0\u00a0\u00a0 Fax 09151\/4363\u00a0\u00a0\u00a0\u00a0\u00a0\u00a0 <strong><a href=\"mailto:gabys-zauberland@t-online.de\">gabys-zauberland@t-online.de<\/a>\u00a0\u00a0\u00a0\u00a0\u00a0<\/strong><\/strong> oder\u00a0mit dem Kontaktformular oben<\/span><\/span><\/p>\n<p style=\"text-align: center;\"><span style=\"font-family: arial,helvetica,sans-serif; font-size: 16px;\">&#8211; Seite 2 &#8211;<\/span><\/p>\n<table border=\"0\" align=\"center\">\n<tbody>\n<tr>\n<td><span style=\"font-size: 18px;\">Seiten<\/span><\/td>\n<td><span style=\"font-size: 18px;\"><a title=\"Akustik\" href=\"http:\/\/www.hund-hersbruck.de\/web_neu\/?page_id=6468\">1<\/a><\/span><\/td>\n<td><span style=\"font-size: 18px;\"><a title=\"Akustik 2\" href=\"http:\/\/www.hund-hersbruck.de\/web_neu\/?page_id=6473\">2<\/a><\/span><\/td>\n<\/tr>\n<\/tbody>\n<\/table>\n<p class=\"empty-paragraph\" style=\"text-align: justify;\"><strong><span style=\"font-family: arial,helvetica,sans-serif; font-size: 14pt;\"><span style=\"color: #993300;\">Knackfrosch\u00a0\u00a0\u00a0\u00a0\u00a0\u00a0\u00a0\u00a0\u00a0<\/span> 3,00 \u20ac<\/span><\/strong><br \/>\n<a href=\"http:\/\/www.hund-hersbruck.de\/web_neu\/wp-content\/uploads\/KnackfroschBa.jpg\"><img loading=\"lazy\" decoding=\"async\" class=\"alignleft size-full wp-image-11836\" src=\"http:\/\/www.hund-hersbruck.de\/web_neu\/wp-content\/uploads\/KnackfroschBa.jpg\" alt=\"KnackfroschBa\" width=\"132\" height=\"123\" \/><\/a><span style=\"font-family: arial,helvetica,sans-serif; font-size: 12pt;\">\u00a0\u00a0<span style=\"font-size: 10pt;\"> <em>&#8222;Haben Sie auch noch Knackfr\u00f6sche?&#8220;\u00a0<\/em> Diese Frage h\u00f6ren wir im Gesch\u00e4ft \u00f6fters und die meisten Kunden sind sehr \u00fcberrascht, wenn wir das bejahen! Allerdings sind die meisten Knack&#8220;fr\u00f6sche&#8220; keine Fr\u00f6sche, sondern Insekten (kleiner) oder Enten (gr\u00f6\u00dfer). Jetzt haben wir welche gefunden, die erstens tats\u00e4chlich &#8222;echte Fr\u00f6sche&#8220; sind, zweitens ziemlich gro\u00df (6,6 x 5 x 2 cm!), drittens ziemlich &#8222;knackig&#8220; (= laut) und viertens ganz aus Blech (so wie fr\u00fcher halt, aber nicht f\u00fcr heutige Kinder geeignet, vor allem nicht f\u00fcr solche unter drei Jahren\u00a0&#8230; ). UND: Sie machen beim Knacken das Maul auf! &#8222;S\u00fc\u00fc\u00fc\u00fc\u00df&#8220;!\u00a0<\/span><\/span><\/p>\n<p class=\"empty-paragraph\">\u00a0<span style=\"font-size: 1px; color: transparent;\">.<\/span><\/p>\n<p style=\"text-align: justify;\"><span style=\"font-family: arial,helvetica,sans-serif; font-size: 14px;\">\u00a0<\/span><\/p>\n<p style=\"text-align: justify;\"><strong><span style=\"font-family: arial,helvetica,sans-serif; font-size: 14pt;\"><span style=\"color: #993300;\">Donnerrohr\u00a0\u00a0<\/span> 10.- \u20ac<\/span><\/strong> <span style=\"font-family: arial,helvetica,sans-serif; font-size: 12pt;\"><a href=\"http:\/\/www.hund-hersbruck.de\/web_neu\/wp-content\/uploads\/Donnerrohr-modern.png\"><img loading=\"lazy\" decoding=\"async\" class=\"alignleft size-medium wp-image-8117\" src=\"http:\/\/www.hund-hersbruck.de\/web_neu\/wp-content\/uploads\/Donnerrohr-modern-300x300.png\" alt=\"Donnerrohr modern\" width=\"300\" height=\"300\" srcset=\"http:\/\/www.hund-hersbruck.de\/web_neu\/wp-content\/uploads\/Donnerrohr-modern-300x300.png 300w, http:\/\/www.hund-hersbruck.de\/web_neu\/wp-content\/uploads\/Donnerrohr-modern-150x150.png 150w, http:\/\/www.hund-hersbruck.de\/web_neu\/wp-content\/uploads\/Donnerrohr-modern.png 355w\" sizes=\"auto, (max-width: 300px) 100vw, 300px\" \/><\/a><br \/>\n<span style=\"font-size: 10pt;\">Die Funktionsweise ist wie untn, aber das Aussehen anders: &#8222;Modern&#8220; &#8230;;\u00a0 die R\u00f6hre ist 18 cm lang, 6 cm im Durchmesser, die Metallspiralfeder 44 cm lang;<\/span><\/span><\/p>\n<p class=\"empty-paragraph\"><span style=\"font-size: 10pt;\">\u00a0<span style=\"color: transparent;\">.<\/span><\/span><\/p>\n<p class=\"empty-paragraph\">\u00a0<span style=\"font-size: 1px; color: transparent;\">.<\/span><\/p>\n<p class=\"empty-paragraph\">\u00a0<span style=\"font-size: 1px; color: transparent;\">.<\/span><\/p>\n<p class=\"empty-paragraph\">\u00a0<span style=\"font-size: 1px; color: transparent;\">.<\/span><\/p>\n<p class=\"empty-paragraph\">\u00a0<span style=\"font-size: 1px; color: transparent;\">.<\/span><\/p>\n<p class=\"empty-paragraph\">\u00a0<span style=\"font-size: 1px; color: transparent;\">.<\/span><\/p>\n<p class=\"empty-paragraph\"><span style=\"font-size: 1px; color: transparent;\">.<\/span><\/p>\n<p class=\"empty-paragraph\">\u00a0<span style=\"font-size: 1px; color: transparent;\">.<\/span><\/p>\n<p class=\"empty-paragraph\" style=\"text-align: justify;\"><strong><span style=\"font-family: arial,helvetica,sans-serif; font-size: 14pt;\"><span style=\"color: #993300;\">Donner &#8211; Rohr (Thunder Tube)<\/span>\u00a0\u00a0\u00a0\u00a0\u00a0\u00a0\u00a0 10,00 \u20ac<\/span><\/strong><br \/>\n<span style=\"font-family: arial,helvetica,sans-serif; font-size: 12pt;\">\u00a0<a href=\"http:\/\/www.hund-hersbruck.de\/web_neu\/wp-content\/uploads\/Thunder-Tube-Robet..png\"><img loading=\"lazy\" decoding=\"async\" class=\"alignleft size-medium wp-image-9314\" src=\"http:\/\/www.hund-hersbruck.de\/web_neu\/wp-content\/uploads\/Thunder-Tube-Robet.-300x300.png\" alt=\"Thunder Tube Robet.\" width=\"300\" height=\"300\" srcset=\"http:\/\/www.hund-hersbruck.de\/web_neu\/wp-content\/uploads\/Thunder-Tube-Robet.-300x300.png 300w, http:\/\/www.hund-hersbruck.de\/web_neu\/wp-content\/uploads\/Thunder-Tube-Robet.-150x150.png 150w, http:\/\/www.hund-hersbruck.de\/web_neu\/wp-content\/uploads\/Thunder-Tube-Robet..png 440w\" sizes=\"auto, (max-width: 300px) 100vw, 300px\" \/><\/a>\u00a0 <span style=\"font-size: 10pt;\">Die etwas kleinere (18 cm hoch) Ausf\u00fchrung unseres akustischen\u00a0Bestsellers. Wenn man das Rohr senkrecht\u00a0mit der\u00a0langen Spiralfeder nach unten h\u00e4lt und aus dem Handgelenk heraus sch\u00fcttelt, ert\u00f6nt ein t\u00e4uschend echtes Donnergrollen! Muss man mal geh\u00f6rt haben! Akustik pur, nur mit einer Membran, einer Spiralfeder und dem Resonanzraum. Kein Laser, keine Elektronik, ein Internetanschluss! Nicht f\u00fcr Kinder unter drei Jahren geeignet.<\/span><\/span><\/p>\n<p class=\"empty-paragraph\" style=\"text-align: justify;\"><span style=\"font-size: 10pt; color: transparent;\">\u00a0<\/span><\/p>\n<p class=\"empty-paragraph\">\u00a0<span style=\"font-size: 1px; color: transparent;\">.<\/span><\/p>\n<p class=\"empty-paragraph\">\u00a0<span style=\"font-size: 1px; color: transparent;\">.<\/span><\/p>\n<p class=\"empty-paragraph\">\u00a0<span style=\"font-size: 1px; color: transparent;\">.<\/span><\/p>\n<p class=\"empty-paragraph\">\u00a0<span style=\"font-size: 1px; color: transparent;\">.<\/span>\u00a0<span style=\"font-size: 1px; color: transparent;\">.<\/span><\/p>\n<p>\u00a0\u00a0<span style=\"font-size: 1px; color: transparent;\">.<\/span>\u00a0<span style=\"font-size: 1px; color: transparent;\">.<\/span><\/p>\n<p style=\"text-align: justify;\"><strong><span style=\"font-family: arial,helvetica,sans-serif; font-size: 18px;\"><span style=\"color: #993300;\">Sturmscheibe\u00a0\u00a0\u00a0\u00a0<\/span> 5,50 \u20ac<\/span><\/strong> <span style=\"font-family: arial,helvetica,sans-serif; font-size: 14px;\"><a href=\"http:\/\/www.hund-hersbruck.de\/web_neu\/wp-content\/uploads\/Sturmscheiben.jpg\"><img loading=\"lazy\" decoding=\"async\" class=\"alignleft size-medium wp-image-6759\" src=\"http:\/\/www.hund-hersbruck.de\/web_neu\/wp-content\/uploads\/Sturmscheiben-300x119.jpg\" alt=\"Sturmscheiben\" width=\"300\" height=\"119\" srcset=\"http:\/\/www.hund-hersbruck.de\/web_neu\/wp-content\/uploads\/Sturmscheiben-300x119.jpg 300w, http:\/\/www.hund-hersbruck.de\/web_neu\/wp-content\/uploads\/Sturmscheiben-150x59.jpg 150w, http:\/\/www.hund-hersbruck.de\/web_neu\/wp-content\/uploads\/Sturmscheiben.jpg 320w\" sizes=\"auto, (max-width: 300px) 100vw, 300px\" \/><\/a><br \/>\n<span style=\"font-size: 12pt;\"><span style=\"font-size: 10pt;\">Auch ein klassisches physikalisches Spielzeug, mit dem sich Generationen vergn\u00fcgten. Heute allerdings erstaunlich unbekannt. Man braucht schon etwas \u00dcbung, \u00dcberlegung und Geschicklichkeit, um die bunten Sturmscheiben aus Holz (!), Durchmesser 10,5 cm, zun\u00e4chst zum Drehen zu bringen. Immer schneller und schneller, immer kr\u00e4ftiger ziehen (geht schon in die Muskeln) &#8211; und schlie\u00dflich geben sie das charakteristische Ger\u00e4usch von sich, wenn sie voll in &#8222;st\u00fcrmischer Fahrt&#8220; sind! Wenn Sie dieses faszinierende Ger\u00e4t auch noch nicht kennen, haben Sie was vers\u00e4umt &#8230;! Bereits seit der griechischen Antike bekannt!<\/span>\u00a0<\/span>\u00a0<span style=\"font-size: 10px;\">Wegen der Schn\u00fcre (Strangulationsgefahr) nicht f\u00fcr Kinder unter drei Jahren geeignet.<\/span><\/span><\/p>\n<p class=\"empty-paragraph\">\u00a0 <span style=\"font-size: 1px; color: transparent;\">.<\/span><\/p>\n<p class=\"empty-paragraph\">\u00a0<span style=\"font-size: 1px; color: transparent;\">.<\/span><\/p>\n<p style=\"text-align: justify;\"><span style=\"font-family: arial,helvetica,sans-serif; font-size: 14px;\"><span style=\"font-size: 18px;\"><strong><span style=\"color: #993300;\">HEULSCHLAUCH oder HEULR\u00d6HRE\u00a0\u00a0\u00a0\u00a0\u00a0<\/span> 3,50 \u20ac <\/strong><\/span><br \/>\n<span style=\"font-size: 12pt;\"><span style=\"font-size: 10pt;\">Endlich mal wieder auf Lager: Der 76 cm lange, <a href=\"http:\/\/www.hund-hersbruck.de\/web_neu\/phys-spielzeug_seite-8\/heulschlauch\/\" rel=\"attachment wp-att-3434\"><img loading=\"lazy\" decoding=\"async\" class=\"alignleft\" title=\"Heulschlauch\" src=\"http:\/\/www.hund-hersbruck.de\/web_neu\/wp-content\/uploads\/Heulschlauch-150x78.jpg\" alt=\"\" width=\"150\" height=\"78\" \/><\/a>ziehharmonikafarbene, 32 mm im Durchmesser messende Heulschlauch, mit dem man je nach Geschick &#8222;Musik&#8220; machen kann. Hat inzwischen schon viele\u00a0Jahre lang Kinder, Jugendliche und Erwachsene fasziniert. Und wieder mal alles ohne Batterien! Funktioniert allein durch die Anwendung physikalischer Erkenntnisse aus dem Teilbereich der Akustik. Verschiedene Farben. Literatur: PFE Bd. 2, Seite 507 ff<\/span>\u00a0\u00a0<\/span>Nicht f\u00fcr Kleinkinder unter 3 Jahren geeignet.<\/span><\/p>\n<p class=\"empty-paragraph\">\u00a0<span style=\"font-size: 1px; color: transparent;\">.<\/span><span style=\"font-family: arial,helvetica,sans-serif; font-size: 14px;\">\u00a0<\/span><span style=\"font-family: arial,helvetica,sans-serif; font-size: 14px;\">\u00a0<\/span><\/p>\n<table border=\"0\" align=\"center\">\n<tbody>\n<tr>\n<td><span style=\"font-family: arial,helvetica,sans-serif; font-size: 14px;\">Seiten<\/span><\/td>\n<td><span style=\"font-family: arial,helvetica,sans-serif; font-size: 14px;\"><a title=\"Akustik\" href=\"http:\/\/www.hund-hersbruck.de\/web_neu\/?page_id=6468\">1<\/a><\/span><\/td>\n<td><span style=\"font-family: arial,helvetica,sans-serif; font-size: 14px;\"><a title=\"Akustik 2\" href=\"http:\/\/www.hund-hersbruck.de\/web_neu\/?page_id=6473\">2<\/a><\/span><\/td>\n<\/tr>\n<\/tbody>\n<\/table>\n<p style=\"text-align: justify;\"><span style=\"font-family: arial,helvetica,sans-serif; font-size: 14px;\">\u00a0<\/span><\/p>\n<p style=\"text-align: justify;\"><span style=\"font-family: arial,helvetica,sans-serif; font-size: 14px;\">\u00a0<\/span><\/p>\n","protected":false},"excerpt":{"rendered":"<p>Akustik Donnerrohr &#8211;\u00a0Knackfrosch &#8211;\u00a0Sturmscheiben &#8211;\u00a0 Heulschlauch &#8211; Heulr\u00f6hre &#8211; Klangfrosch &#8211; Preis\u00e4nderungen leider vorbehalten! Mindestbestellsumme 15.- Euro.\u00a0 Laden\u00f6ffnungszeiten: Mo &#8211; Fr. 15.00 &#8211; 18.00 Uhr, Sa 10.00 &#8211; 13.00 Uhr So k\u00f6nnen sie bestellen:\u00a0\u00a0\u00a0\u00a0Tel. 09151\/4716\u00a0\u00a0\u00a0 Fax 09151\/4363\u00a0\u00a0\u00a0\u00a0\u00a0\u00a0 gabys-zauberland@t-online.de\u00a0\u00a0\u00a0\u00a0\u00a0 oder\u00a0mit dem Kontaktformular oben &#8211; Seite 2 &#8211; Seiten 1 2 Knackfrosch\u00a0\u00a0\u00a0\u00a0\u00a0\u00a0\u00a0\u00a0\u00a0 3,00 \u20ac \u00a0\u00a0 &#8222;Haben Sie [&hellip;]<\/p>\n","protected":false},"author":1,"featured_media":0,"parent":6468,"menu_order":0,"comment_status":"closed","ping_status":"closed","template":"","meta":{"footnotes":""},"class_list":["post-6473","page","type-page","status-publish","hentry"],"_links":{"self":[{"href":"http:\/\/www.hund-hersbruck.de\/web_neu\/wp-json\/wp\/v2\/pages\/6473","targetHints":{"allow":["GET"]}}],"collection":[{"href":"http:\/\/www.hund-hersbruck.de\/web_neu\/wp-json\/wp\/v2\/pages"}],"about":[{"href":"http:\/\/www.hund-hersbruck.de\/web_neu\/wp-json\/wp\/v2\/types\/page"}],"author":[{"embeddable":true,"href":"http:\/\/www.hund-hersbruck.de\/web_neu\/wp-json\/wp\/v2\/users\/1"}],"replies":[{"embeddable":true,"href":"http:\/\/www.hund-hersbruck.de\/web_neu\/wp-json\/wp\/v2\/comments?post=6473"}],"version-history":[{"count":59,"href":"http:\/\/www.hund-hersbruck.de\/web_neu\/wp-json\/wp\/v2\/pages\/6473\/revisions"}],"predecessor-version":[{"id":17548,"href":"http:\/\/www.hund-hersbruck.de\/web_neu\/wp-json\/wp\/v2\/pages\/6473\/revisions\/17548"}],"up":[{"embeddable":true,"href":"http:\/\/www.hund-hersbruck.de\/web_neu\/wp-json\/wp\/v2\/pages\/6468"}],"wp:attachment":[{"href":"http:\/\/www.hund-hersbruck.de\/web_neu\/wp-json\/wp\/v2\/media?parent=6473"}],"curies":[{"name":"wp","href":"https:\/\/api.w.org\/{rel}","templated":true}]}}