{"id":5734,"date":"2013-01-03T13:11:18","date_gmt":"2013-01-03T13:11:18","guid":{"rendered":"http:\/\/www.hund-hersbruck.de\/web_neu\/?page_id=5734"},"modified":"2026-03-19T17:10:24","modified_gmt":"2026-03-19T17:10:24","slug":"verschiedenes","status":"publish","type":"page","link":"http:\/\/www.hund-hersbruck.de\/web_neu\/verschiedenes\/","title":{"rendered":"AloeVera"},"content":{"rendered":"<h1 style=\"text-align: center;\"><span style=\"font-family: arial,helvetica,sans-serif; font-size: 20px;\"><span style=\"text-decoration: underline;\">Verschiedenes<\/span>:\u00a0 <\/span><\/h1>\n<h1 style=\"text-align: center;\"><span style=\"font-family: arial,helvetica,sans-serif; font-size: 20px;\"><span style=\"font-size: 22px;\">Naturrreine <strong><span style=\"font-size: 18pt;\">Aloe Vera<\/span> <\/strong>&#8211; Produkte<\/span>: <span style=\"font-size: 16px;\">Aloe Vera Zahnpasta &#8211; Aloe Vera Muscgel &#8211; Aloe Vera Gel naturrein<\/span><\/span><\/h1>\n<p style=\"text-align: center;\"><span style=\"font-size: 14pt; color: #0000ff;\">Achtung! Es sieht so aus, als ob diese Lieferung im M\u00e4rz 2026 die letzte war, die wir erhalten haben. Aus finanziellen und nervlichen Gr\u00fcnden wahrscheinlich nicht mehr &#8230; \ud83d\ude41\u00a0 Obwohl wir von der Qualit\u00e4t nach wie vor \u00fcberzeugt sind!<\/span><\/p>\n<h1 style=\"text-align: center;\"><span style=\"font-family: arial,helvetica,sans-serif; font-size: 14px;\">&#8211; Seite 1 &#8211;<\/span><\/h1>\n<h1 style=\"text-align: center;\"><span style=\"font-family: arial,helvetica,sans-serif; font-size: 16px;\">Preis\u00e4nderungen leider vorbehalten! <span style=\"text-decoration: underline;\"><strong>Mindestbestellsumme<\/strong> <\/span>15.- Euro.\u00a0 <\/span><span style=\"font-family: arial,helvetica,sans-serif; font-size: 16px;\">Laden\u00f6ffnungszeiten: Mo &#8211; Fr. 15.00 &#8211; 18.00 Uhr, Sa 10.00 &#8211; 13.00 Uhr<\/span><span style=\"font-family: arial,helvetica,sans-serif; font-size: 10pt;\"><strong>\u00a0<\/strong><\/span><\/h1>\n<p style=\"text-align: center;\"><strong><span style=\"font-family: arial,helvetica,sans-serif; font-size: 16px;\">So k\u00f6nnen sie bestellen:\u00a0\u00a0\u00a0\u00a0\u00a0 Tel. 09151\/4716\u00a0 \u00a0 \u00a0 \u00a0 \u00a0 \u00a0 <a href=\"mailto:gabys-zauberland@t-online.de\">gabys-zauberland@t-online.de<\/a><\/span><\/strong><\/p>\n<table border=\"0\" align=\"center\">\n<tbody>\n<tr>\n<td><span style=\"font-size: 18px;\">Seiten<\/span><\/td>\n<td><span style=\"font-size: 18px;\"><a title=\"Verschiedenes\" href=\"http:\/\/www.hund-hersbruck.de\/web_neu\/?page_id=5734\">1<\/a><\/span><\/td>\n<td><span style=\"font-size: 18px;\"><a title=\"Verschiedenes_Seite 2\" href=\"http:\/\/www.hund-hersbruck.de\/web_neu\/?page_id=5737\">2<\/a><\/span><\/td>\n<td><span style=\"font-size: 18px;\"><a title=\"Verschiedenes_Seite 3\" href=\"http:\/\/www.hund-hersbruck.de\/web_neu\/?page_id=5739\">3<\/a><\/span><\/td>\n<\/tr>\n<\/tbody>\n<\/table>\n<p style=\"text-align: justify;\">\u00a0<em><span style=\"text-decoration: underline;\"><strong><span style=\"font-family: arial,helvetica,sans-serif; font-size: 14px;\"><span style=\"font-size: 18px;\">Sie fragen sich, wie <span style=\"color: #993300; text-decoration: underline;\">Aloe Vera &#8211;\u00a0Produkte<\/span> in das Sortiment von &#8222;Gabys Zauberland&#8220; passen?<\/span> <\/span><\/strong><\/span><\/em><\/p>\n<p style=\"text-align: justify;\"><em><span style=\"font-family: arial,helvetica,sans-serif; font-size: 14px;\">Wie so oft, stecken rein pers\u00f6nliche Erfahrungen und Vorlieben dahinter! Von naturreinen (!) \u00a0Aloe Vera &#8211; Produkten aus biologischem Anbau (!)\u00a0sind wir als Fans der Kanarischen Inseln seit Jahrzehnten begeistert und haben uns lange Zeit immer auf unseren Urlauben dort eingedeckt. <\/span><\/em> <em><span style=\"font-family: arial,helvetica,sans-serif; font-size: 14px;\">Bis es durch\u00a0das Internet die M\u00f6glichkeit gab, selbst mit den spanischen Produzenten Kontakt aufzunehmen und ausgew\u00e4hlte Artikel zu importieren. Im Zuge der daraus entstandenen Bekanntschaften wurden wir sogar auf Gran Canaria eingeladen, die Felder und die Produktionsgeb\u00e4ude zu besuchen, so dass wir uns von der Qualit\u00e4t mit eigenen Augen \u00fcberzeugen konnten.<\/span><\/em> <em><span style=\"font-family: arial,helvetica,sans-serif; font-size: 14px;\">Im Folgenden sehen Sie die vieri Aloe Vera &#8211; Produkte, die unsere ganze Familie seit nunmehr vielen Jahren mit gro\u00dfem Erfolg und anhaltender Begeisterung verwendet: Zahnpasta, Muscgel, Seife und naturreines Aloe-Gel.\u00a0 Stammkunden im ganzen deutschsprachigen Raum beziehen ebenfalls diese, aus dem Urlaub bekannten (und dort oft teureren!) Produkte. Andere als die vieri aufgef\u00fchrten Artikel haben wir in begrenzter Anzahl noch im Gesch\u00e4ft vorr\u00e4tig. <\/span><\/em><span style=\"font-size: 10pt;\"><span style=\"color: #000000; text-decoration: underline;\"><strong>Die <span style=\"font-family: Verdana, Tahoma, Arial, Helvetica, Sans-serif; text-decoration: underline;\"><em>Marke Bionatural: <\/em><\/span><\/strong><\/span>\u00a0<span style=\"font-family: Verdana, Tahoma, Arial, Helvetica, Sans-serif;\">Bionatural war die erste Marke mit Aloe Vera auf dem Markt. Anf\u00e4nglich wurden die\u00a0 Produkte ausschlie\u00dflich f\u00fcr die Aromatherapie hergestellt, sp\u00e4ter\u00a0 erweiterte sich ihre Palette mit der Einf\u00fchrung der Aloe Vera. Seit die\u00a0 Aloe Vera Barbadensis auf\u00a0 den Kanarischen Inseln angebaut wird, werden\u00a0 der Saft und das Gel direkt von der Firma verarbeitet und abgef\u00fcllt.\u00a0 Diese stellen die aktive Hauptgrundlage des gesamten Kosmetiksortiments dar, erg\u00e4nzt von anderen aktiven Grundstoffen in den diversen Produkten des\u00a0 Sortiments.<\/span><\/span><\/p>\n<p class=\"empty-paragraph\"><span style=\"font-size: 10pt;\">\u00a0<span style=\"color: transparent;\">.<\/span><\/span><\/p>\n<p style=\"text-align: justify;\"><span style=\"color: #993300; font-family: arial,helvetica,sans-serif; font-size: 12pt;\"><strong>Aloe Vera &#8211; Zahnpasta\u00a0\u00a0\u00a0\u00a0\u00a0\u00a0\u00a0 \u00a0<span style=\"color: #000000;\">nur 6,00 \u20ac<\/span> <\/strong><\/span><span style=\"font-size: 10pt;\"><span style=\"font-family: arial,helvetica,sans-serif;\"><strong>\u00a0<a href=\"http:\/\/www.hund-hersbruck.de\/web_neu\/verschiedenes\/zahnpasta\/\" rel=\"attachment wp-att-6224\"><img loading=\"lazy\" decoding=\"async\" class=\"alignleft size-full wp-image-6224\" title=\"Zahnpasta\" src=\"http:\/\/www.hund-hersbruck.de\/web_neu\/wp-content\/uploads\/Zahnpasta.jpg\" alt=\"\" width=\"71\" height=\"100\" \/><\/a>\u00a0 Zahnpasta mit Aloe Vera und Fluor, Zitronengeschmack <span style=\"color: #ff0000;\"><em>Bionatural\u00a0\u00a0 <\/em><\/span><\/strong>Die Zahnpasta Aloe Vera &#8211;\u00a0Zahnfleischschutz dient der t\u00e4glichen unterst\u00fctzenden <span style=\"color: #000000;\">Behandlung<\/span> der verh\u00e4rteten Plaque-Schichten. Dadurch k\u00f6nnen Zahnfleischentz\u00fcndungen und -blutungen vorgebeugt werden. Der Schutz der Z\u00e4hne beginnt bei der t\u00e4glichen Pflege. <\/span> <span style=\"font-family: arial,helvetica,sans-serif;\"><strong>Anwendung<\/strong>: wie normale Zahnpasta verwenden <\/span> <\/span><span style=\"font-family: arial,helvetica,sans-serif; font-size: 14px;\"><span style=\"font-size: 10pt;\"><strong>Ingredients<\/strong>: Aqua (Water) Sorbitol, Hydrated Silica, Glycerin, PEG-12, Sodium Laryl Sulfate, Cellulose Gum, Titanium Dioxide, Allantoin, Sodium Fluride, Chamomilla Recutita, Sodium Saccharin, Armoa (Flavor), Aloe Barbadensis, Sodium Methylparaben, Citric Acid, Sodium Propylparaben. Contains: Sodium Fluoride 0,325 % p\/p, Allantoin, Chamomile, Aloe Vera<\/span>.<\/span><\/p>\n<p class=\"empty-paragraph\">\u00a0<span style=\"font-size: 1px; color: transparent;\">.<\/span><\/p>\n<p class=\"empty-paragraph\">\u00a0<span style=\"font-size: 1px; color: transparent;\">.<\/span><\/p>\n<p style=\"text-align: justify;\">\u00a0<span style=\"color: #993300; font-family: arial,helvetica,sans-serif; font-size: 12pt;\"><strong>Muscgel\u00a0 175ml &#8211; <span style=\"text-decoration: underline;\">Dose<\/span>\u00a0\u00a0\u00a0\u00a0\u00a0 <span style=\"color: #000000;\">nur 18,00 \u20ac\u00a0<\/span> <\/strong><\/span><span style=\"font-family: arial,helvetica,sans-serif; font-size: 14px;\"><strong>\u00a0\u00a0<a href=\"http:\/\/www.hund-hersbruck.de\/web_neu\/verschiedenes\/muscgel\/\" rel=\"attachment wp-att-6225\"><img loading=\"lazy\" decoding=\"async\" class=\"alignleft size-full wp-image-6225\" title=\"Muscgel\" src=\"http:\/\/www.hund-hersbruck.de\/web_neu\/wp-content\/uploads\/Muscgel.jpg\" alt=\"\" width=\"75\" height=\"100\" \/><\/a>\u00a0<span style=\"font-size: 10pt;\"> Muskelschmerzmassagegel <em><span style=\"color: #ff0000;\">Natural Cosmetics\u00a0\u00a0\u00a0\u00a0 <\/span><\/em><\/span><\/strong><span style=\"color: #ff0000; font-size: 10pt;\"><span style=\"color: #000000;\">Die <\/span><\/span><\/span><span style=\"font-size: 10pt;\"><span style=\"font-family: arial,helvetica,sans-serif;\"><span style=\"color: #000000;\">schmerzlindernde<\/span> Wirkung der Aloe Vera verst\u00e4rkt mit anderen Schmerzstillern aus der Natur (Menthol, Arnika, Kampfer, Zedern\u00f6l, Ginger\u00f6l) <\/span> <span style=\"font-family: arial,helvetica,sans-serif;\"><span style=\"color: #000000;\"><strong>Anwendung<\/strong><\/span>: Die betroffenen Partien mit dem Schmerzgel einreiben, leicht massieren und einwirken lassen. Augenkontakt vermeiden <\/span> <span style=\"font-family: arial,helvetica,sans-serif;\"><strong>Ingredients<\/strong>: Aqua, Alcohol, Acrylates \/ Steareth-20, Methacrylate <span style=\"color: #000000;\">Copolymer<\/span>, Aloe Vera Gel, Triethanolamine, Menthol, Arnica Monatan (Arnica) Extract, Phenonip, Harpagophytum Procumbens, Edta, Propylene Glycol, Diazolidinyl Urea, Sodim Methylparaben, Propylparaben, Camphor, Curcuma Zedoaria (Zedoary oil) Zingiber Officinalis (Ginger oil), Cinnamomoum Zeylanicum (Cinnamon), C. I. 42090, C. I. 19140-73015, Parfum (Fragance) (<span style=\"text-decoration: underline;\"><strong>pers\u00f6nliche Anmerkung<\/strong><\/span>: DARAUF schw\u00f6rt unsere ganze Familie und kann von fast unglaublichen Wirkungen berichten &#8230;! Wir haben &#8211; anders als oben abgebildet &#8211; die 175 ml &#8211; DOSE)<\/span><\/span><\/p>\n<p class=\"empty-paragraph\">\u00a0<span style=\"font-size: 1px; color: transparent;\">.<\/span><\/p>\n<p class=\"empty-paragraph\">\u00a0<span style=\"font-size: 1px; color: transparent;\">.<\/span><\/p>\n<p style=\"text-align: justify;\"><span style=\"font-family: arial,helvetica,sans-serif; font-size: 18px;\"><span style=\"font-size: 12pt;\"><span style=\"color: #993300;\"><strong>Aloe Vera &#8211; Gel\u00a0\u00a0<\/strong><\/span>100 % Pulpa, 400 ml <\/span><strong><span style=\"font-size: 12pt;\"><span style=\"text-decoration: underline;\">Pumpflasche\u00a0\u00a0\u00a0\u00a0 <\/span>nur 22,50 \u20ac\u00a0<\/span>\u00a0<\/strong><\/span> <span style=\"font-size: 10pt;\"><span style=\"font-family: arial,helvetica,sans-serif;\"><strong>\u00a0<a href=\"http:\/\/www.hund-hersbruck.de\/web_neu\/verschiedenes\/gel\/\" rel=\"attachment wp-att-6226\"><img loading=\"lazy\" decoding=\"async\" class=\"alignleft size-full wp-image-6226\" title=\"Gel\" src=\"http:\/\/www.hund-hersbruck.de\/web_neu\/wp-content\/uploads\/Gel.jpg\" alt=\"\" width=\"100\" height=\"75\" \/><\/a>\u00a0 Hautgel\u00a0 <\/strong>Das Gel aus 100 % purem Aloe Vera wird aus ganzen Bl\u00e4ttern der Pflanze hergestellt, die auf den Kanarischen Inseln angebaut wird. Reich an Vitaminen, Aminos\u00e4uren, Spurenelementen, Enzymen, etc. Feuchtigkeit spenden, regenerierend, k\u00fchlend (z. b. bei Insektenstichen). Die \u00e4u\u00dfere Anwendung spendet der Haut Feuchtigkeit.<\/span> <span style=\"font-family: arial,helvetica,sans-serif;\"><strong>Anwendung:<\/strong> leicht in die Haut einmassieren, bis es ganz eingezogen ist. Es wird empfohlen, das Produkt 2-3 mal am Tag aufzutragen.<\/span> <span style=\"font-family: arial,helvetica,sans-serif;\"><strong>Ingredients:<\/strong> Aloe Barbandensis, carbomer, ascorbic acid, potassium sorbate, imidazolidinylurea, sodium hydroxide<\/span><\/span><\/p>\n<p class=\"empty-paragraph\"><span style=\"font-size: 10pt;\">\u00a0<span style=\"color: transparent;\">.<\/span>\u00a0<span style=\"color: transparent;\">.<\/span><\/span><\/p>\n<p style=\"text-align: justify;\"><strong><span style=\"font-family: arial,helvetica,sans-serif; font-size: 12pt;\"><span style=\"color: #993300;\">Aloe Vera Seife\u00a0\u00a0\u00a0\u00a0\u00a0<\/span> 3,50 \u20ac<\/span><\/strong><br \/>\n<span style=\"font-family: arial,helvetica,sans-serif; font-size: 10pt;\"> <img loading=\"lazy\" decoding=\"async\" class=\"alignleft size-medium wp-image-14986\" src=\"http:\/\/www.hund-hersbruck.de\/web_neu\/wp-content\/uploads\/Seife-2-21-300x201.jpg\" alt=\"\" width=\"300\" height=\"201\" srcset=\"http:\/\/www.hund-hersbruck.de\/web_neu\/wp-content\/uploads\/Seife-2-21-300x201.jpg 300w, http:\/\/www.hund-hersbruck.de\/web_neu\/wp-content\/uploads\/Seife-2-21-150x101.jpg 150w, http:\/\/www.hund-hersbruck.de\/web_neu\/wp-content\/uploads\/Seife-2-21.jpg 465w\" sizes=\"auto, (max-width: 300px) 100vw, 300px\" \/> \u00a0 125 g; Aloe Vera (aus biologischem Anbau von den Kanarischen Inseln, Direktimport vom Hersteller) mit Glycerin; mild, nach frisch geschnittenem Gras duftend \u2026 (verwenden wir selbst ,,,)\u00a0 Abbildung \u00e4hnlich<\/span><\/p>\n<p style=\"text-align: justify;\"><span style=\"font-family: arial,helvetica,sans-serif; font-size: 10pt;\">\u00a0\u00a0<\/span><\/p>\n<p class=\"empty-paragraph\">\u00a0<span style=\"font-size: 1px; color: transparent;\">.<\/span><\/p>\n<p style=\"text-align: center;\">\u00a0<span style=\"font-family: arial,helvetica,sans-serif; font-size: 14px;\">\u00a0<\/span><\/p>\n<table border=\"0\" align=\"center\">\n<tbody>\n<tr>\n<td><span style=\"font-family: arial,helvetica,sans-serif; font-size: 14px;\">Seiten<\/span><\/td>\n<td><span style=\"font-family: arial,helvetica,sans-serif; font-size: 14px;\"><a title=\"Verschiedenes\" href=\"http:\/\/www.hund-hersbruck.de\/web_neu\/?page_id=5734\">1<\/a><\/span><\/td>\n<td><span style=\"font-family: arial,helvetica,sans-serif; font-size: 14px;\"><a title=\"Verschiedenes_Seite 2\" href=\"http:\/\/www.hund-hersbruck.de\/web_neu\/?page_id=5737\">2<\/a><\/span><\/td>\n<td><span style=\"font-family: arial,helvetica,sans-serif; font-size: 14px;\"><a title=\"Verschiedenes_Seite 3\" href=\"http:\/\/www.hund-hersbruck.de\/web_neu\/?page_id=5739\">3<\/a><\/span><\/td>\n<\/tr>\n<\/tbody>\n<\/table>\n","protected":false},"excerpt":{"rendered":"<p>Verschiedenes:\u00a0 Naturrreine Aloe Vera &#8211; Produkte: Aloe Vera Zahnpasta &#8211; Aloe Vera Muscgel &#8211; Aloe Vera Gel naturrein Achtung! Es sieht so aus, als ob diese Lieferung im M\u00e4rz 2026 die letzte war, die wir erhalten haben. Aus finanziellen und nervlichen Gr\u00fcnden wahrscheinlich nicht mehr &#8230; \ud83d\ude41\u00a0 Obwohl wir von der Qualit\u00e4t nach wie vor [&hellip;]<\/p>\n","protected":false},"author":1,"featured_media":0,"parent":0,"menu_order":0,"comment_status":"closed","ping_status":"closed","template":"","meta":{"footnotes":""},"class_list":["post-5734","page","type-page","status-publish","hentry"],"_links":{"self":[{"href":"http:\/\/www.hund-hersbruck.de\/web_neu\/wp-json\/wp\/v2\/pages\/5734","targetHints":{"allow":["GET"]}}],"collection":[{"href":"http:\/\/www.hund-hersbruck.de\/web_neu\/wp-json\/wp\/v2\/pages"}],"about":[{"href":"http:\/\/www.hund-hersbruck.de\/web_neu\/wp-json\/wp\/v2\/types\/page"}],"author":[{"embeddable":true,"href":"http:\/\/www.hund-hersbruck.de\/web_neu\/wp-json\/wp\/v2\/users\/1"}],"replies":[{"embeddable":true,"href":"http:\/\/www.hund-hersbruck.de\/web_neu\/wp-json\/wp\/v2\/comments?post=5734"}],"version-history":[{"count":51,"href":"http:\/\/www.hund-hersbruck.de\/web_neu\/wp-json\/wp\/v2\/pages\/5734\/revisions"}],"predecessor-version":[{"id":17849,"href":"http:\/\/www.hund-hersbruck.de\/web_neu\/wp-json\/wp\/v2\/pages\/5734\/revisions\/17849"}],"wp:attachment":[{"href":"http:\/\/www.hund-hersbruck.de\/web_neu\/wp-json\/wp\/v2\/media?parent=5734"}],"curies":[{"name":"wp","href":"https:\/\/api.w.org\/{rel}","templated":true}]}}