{"id":4230,"date":"2012-04-03T12:23:54","date_gmt":"2012-04-03T12:23:54","guid":{"rendered":"http:\/\/www.hund-hersbruck.de\/web_neu\/?page_id=4230"},"modified":"2023-11-15T17:00:10","modified_gmt":"2023-11-15T17:00:10","slug":"sonderangebote","status":"publish","type":"page","link":"http:\/\/www.hund-hersbruck.de\/web_neu\/zaubertricks\/sonderangebote\/sonderangebote\/","title":{"rendered":"Sonderangebote_Seite 2_Zaubertricks"},"content":{"rendered":"<p style=\"text-align: center;\"><span style=\"font-family: arial,helvetica,sans-serif; font-size: 14px;\"><strong><span style=\"font-size: 20px;\">Zaubertricks Sonderangebote!<\/span><\/strong> (Achtung: Hier ist nur eine winzige Auswahl an besonders preisg\u00fcnstigen Sonderangeboten angef\u00fchrt! Mehr als ein Drittel unseres Sortiments auf den Hauptseiten wurde ebenfalls preisreduziert. Schauen Sie also unbedingt dort vorbei! Au\u00dferdem haben wir im Gesch\u00e4ft einen gro\u00dfen Metallkorb mit Restexemplaren, die hier nicht mehr enthalten sind.)<\/span><\/p>\n<p style=\"text-align: center;\"><span style=\"font-family: arial,helvetica,sans-serif; font-size: 14px;\">&#8211; Seite 2 &#8211;<\/span><\/p>\n<table border=\"0\" align=\"center\">\n<tbody>\n<tr>\n<td><span style=\"font-size: 18px;\">Seiten<\/span><\/td>\n<td><span style=\"font-size: 18px;\"><a title=\"Sonderangebote\" href=\"http:\/\/www.hund-hersbruck.de\/web_neu\/?page_id=149\">1<\/a><\/span><\/td>\n<td><span style=\"font-size: 18px;\"><a title=\"Sonderangebote\" href=\"http:\/\/www.hund-hersbruck.de\/web_neu\/?page_id=4230\">2<\/a><\/span><\/td>\n<\/tr>\n<\/tbody>\n<\/table>\n<p>&nbsp;<\/p>\n<p style=\"text-align: justify;\"><span style=\"font-size: 14px;\"><span style=\"font-family: arial,helvetica,sans-serif; font-size: 18px;\"><strong>\u00a0<span style=\"color: #993300;\">Zauberkarten &#8211; Markiertes Spiel\u00a0\u00a0\u00a0\u00a0<\/span> nur 3,50 \u20ac <\/strong><\/span>\u00a0<a href=\"http:\/\/www.hund-hersbruck.de\/web_neu\/wp-content\/uploads\/Markierte-Karten.jpg\"><img loading=\"lazy\" decoding=\"async\" class=\"alignleft\" src=\"http:\/\/www.hund-hersbruck.de\/web_neu\/wp-content\/uploads\/Markierte-Karten-150x150.jpg\" alt=\"Markierte Karten\" width=\"150\" height=\"150\" \/><\/a>\u00a0\u00a0 DAMIT kann man wahre &#8222;Wunder&#8220; vorf\u00fchren, mit extrem wenig Aufwand und \u00dcbung! Jede Pokerkarte ist auf der R\u00fcckseite mit einem leicht erlernbaren System so markiert, dass Sie blitzschnell den Wert der Vorderseite wissen. Die Tricktechnik ist also einfach, denn in weniger als zehn Minuten haben Sie das gelernt (eine 10j\u00e4hrige Zauberfee im Gesch\u00e4ft ben\u00f6tigte sogar noch weniger &#8230;), umso wichtiger ist die Darbietungsart. Wir f\u00fchren das meist in Form eines &#8222;L\u00fcgendetektors&#8220; vor: Der Zuschauer zieht eine Karte v\u00f6llig frei (oder w\u00e4hlt sie bewusst aus), legt sie r\u00fcckenoben auf den Tisch, Sie fassen sein Handgelenk und f\u00fchlen den Puls. Dann stellen Sie Fragen zur Karte, die aber immer mit &#8222;nein!&#8220; beantwortet werden &#8230; &#8211; bis Sie schlie\u00dflich &#8222;aufgrund des bei L\u00fcgen ver\u00e4nderten Pulses&#8220; den Kartenwert angeben k\u00f6nnen! WOW!\u00a0 Nicht f\u00fcr Kinder unter drei Jahren geeignet! Na ja, eigentlich nicht f\u00fcr unter 9 Jahren &#8230; Gute Qualit\u00e4t der Karten.\u00a0 <strong>Mengenrabatt bei Abnahme ab 10 St\u00fcck ist m\u00f6glich! Fragen Sie uns!<\/strong><\/span><\/p>\n<p class=\"empty-paragraph\">\u00a0<span style=\"font-size: 1px; color: transparent;\">.<\/span><\/p>\n<p class=\"empty-paragraph\">\u00a0<span style=\"font-size: 1px; color: transparent;\">.<\/span>\u00a0<span style=\"font-size: 1px; color: transparent;\">.<\/span><\/p>\n<p style=\"text-align: justify;\"><span style=\"font-family: arial,helvetica,sans-serif; font-size: 14px;\"><span style=\"font-size: 18px;\"><strong><span style=\"color: #993300;\">Zaubereien mit Geld\u00a0\u00a0\u00a0\u00a0\u00a0\u00a0\u00a0\u00a0\u00a0\u00a0\u00a0\u00a0\u00a0\u00a0\u00a0\u00a0\u00a0<span style=\"color: #ff0000;\">Sonderpreis \u00a0<\/span><span style=\"color: #000000;\">20,00 \u20ac<\/span> <\/span><\/strong><\/span><\/span><\/p>\n<p style=\"text-align: justify;\"><span style=\"color: #000000; font-family: arial,helvetica,sans-serif; font-size: 14px;\"><img loading=\"lazy\" decoding=\"async\" title=\"ZaubernmitGeld1\" src=\"http:\/\/www.hund-hersbruck.de\/web_neu\/wp-content\/uploads\/ZaubernmitGeld1-150x112.jpg\" alt=\"\" width=\"150\" height=\"112\" \/><img loading=\"lazy\" decoding=\"async\" title=\"ZaubernmitGeld2\" src=\"http:\/\/www.hund-hersbruck.de\/web_neu\/wp-content\/uploads\/ZaubernmitGeld2-150x112.jpg\" alt=\"\" width=\"150\" height=\"112\" \/>Vier raffinierte, bew\u00e4hrte Zauberger\u00e4te mit vielen (nat\u00fcrlich deutschen) Vorf\u00fchranregungen in einer geheimnisvollen &#8222;Zaubert\u00fctenschachtel&#8220;: Der M\u00fcnzschieber + Das Magische M\u00fcnzentablett + M\u00fcnze durch Trinkglas + Die Geldmaschine. Dazu noch eine englischsprachige Sammlung an 20 einfachen Zaubertricks und Knobeleien mit M\u00fcnzen, die man z.B. sehr gut am Kaffeetisch im Familienkreis vorf\u00fchren kann. <strong><span style=\"text-decoration: underline;\"><span style=\"color: #ff0000; text-decoration: underline;\">SPARPREIS<\/span> <\/span><\/strong>(gegen\u00fcber den Einzelpreisen)!\u00a0 ACHTUNG: Nicht geeignet f\u00fcr Kinder unter 3 Jahren wegen Erstickungsgefahr durch Kleinteile!<\/span><\/p>\n<p style=\"text-align: justify;\"><span style=\"font-family: arial,helvetica,sans-serif; font-size: 14px;\">\u00a0<\/span><span style=\"font-family: arial,helvetica,sans-serif; font-size: 14px;\">\u00a0<\/span><\/p>\n<p style=\"text-align: justify;\"><span style=\"font-family: arial,helvetica,sans-serif; font-size: 14px;\">\u00a0<\/span><\/p>\n<table border=\"0\" align=\"center\">\n<tbody>\n<tr>\n<td style=\"text-align: justify;\"><span style=\"font-family: arial,helvetica,sans-serif; font-size: 14px;\">Seiten<\/span><\/td>\n<td style=\"text-align: justify;\"><span style=\"font-family: arial,helvetica,sans-serif; font-size: 14px;\"><a title=\"Sonderangebote\" href=\"http:\/\/www.hund-hersbruck.de\/web_neu\/?page_id=149\">1<\/a><\/span><\/td>\n<td style=\"text-align: justify;\"><span style=\"font-family: arial,helvetica,sans-serif; font-size: 14px;\"><a title=\"Sonderangebote\" href=\"http:\/\/www.hund-hersbruck.de\/web_neu\/?page_id=4230\">2<\/a><\/span><\/td>\n<\/tr>\n<\/tbody>\n<\/table>\n","protected":false},"excerpt":{"rendered":"<p>Zaubertricks Sonderangebote! (Achtung: Hier ist nur eine winzige Auswahl an besonders preisg\u00fcnstigen Sonderangeboten angef\u00fchrt! Mehr als ein Drittel unseres Sortiments auf den Hauptseiten wurde ebenfalls preisreduziert. Schauen Sie also unbedingt dort vorbei! Au\u00dferdem haben wir im Gesch\u00e4ft einen gro\u00dfen Metallkorb mit Restexemplaren, die hier nicht mehr enthalten sind.) &#8211; Seite 2 &#8211; Seiten 1 2 [&hellip;]<\/p>\n","protected":false},"author":2,"featured_media":0,"parent":149,"menu_order":0,"comment_status":"closed","ping_status":"closed","template":"","meta":{"footnotes":""},"class_list":["post-4230","page","type-page","status-publish","hentry"],"_links":{"self":[{"href":"http:\/\/www.hund-hersbruck.de\/web_neu\/wp-json\/wp\/v2\/pages\/4230","targetHints":{"allow":["GET"]}}],"collection":[{"href":"http:\/\/www.hund-hersbruck.de\/web_neu\/wp-json\/wp\/v2\/pages"}],"about":[{"href":"http:\/\/www.hund-hersbruck.de\/web_neu\/wp-json\/wp\/v2\/types\/page"}],"author":[{"embeddable":true,"href":"http:\/\/www.hund-hersbruck.de\/web_neu\/wp-json\/wp\/v2\/users\/2"}],"replies":[{"embeddable":true,"href":"http:\/\/www.hund-hersbruck.de\/web_neu\/wp-json\/wp\/v2\/comments?post=4230"}],"version-history":[{"count":27,"href":"http:\/\/www.hund-hersbruck.de\/web_neu\/wp-json\/wp\/v2\/pages\/4230\/revisions"}],"predecessor-version":[{"id":16824,"href":"http:\/\/www.hund-hersbruck.de\/web_neu\/wp-json\/wp\/v2\/pages\/4230\/revisions\/16824"}],"up":[{"embeddable":true,"href":"http:\/\/www.hund-hersbruck.de\/web_neu\/wp-json\/wp\/v2\/pages\/149"}],"wp:attachment":[{"href":"http:\/\/www.hund-hersbruck.de\/web_neu\/wp-json\/wp\/v2\/media?parent=4230"}],"curies":[{"name":"wp","href":"https:\/\/api.w.org\/{rel}","templated":true}]}}