{"id":1727,"date":"2011-12-21T11:06:24","date_gmt":"2011-12-21T11:06:24","guid":{"rendered":"http:\/\/www.hund-hersbruck.de\/web_neu\/?page_id=1727"},"modified":"2024-12-07T16:39:00","modified_gmt":"2024-12-07T16:39:00","slug":"einzelgerate","status":"publish","type":"page","link":"http:\/\/www.hund-hersbruck.de\/web_neu\/zaubertricks\/einzelgerate\/","title":{"rendered":"Einzelger\u00e4te"},"content":{"rendered":"<p style=\"text-align: center;\"><span style=\"color: #993300; font-family: arial,helvetica,sans-serif; font-size: 18px;\"><strong>Zaubertricks<\/strong><\/span><\/p>\n<p style=\"text-align: center;\"><span style=\"color: #993300;\"><strong><span style=\"font-size: large;\">Einzelger\u00e4te (meist) aus indischer Produktion<\/span><\/strong><\/span><\/p>\n<p style=\"text-align: center;\">Sie m\u00f6chten n\u00e4here Informationen oder bestellen?<\/p>\n<p style=\"text-align: center;\">Tel. 09151\/4716 Fax 09151\/4363<\/p>\n<p style=\"text-align: center;\">gabys-zauberland@t-online.de<\/p>\n<p style=\"text-align: center;\">Preis\u00e4nderungen \u2013 leider! \u2013 vorbehalten. Auch wir sind abh\u00e4ngig von unseren Lieferanten<\/p>\n<p style=\"text-align: justify;\"><span style=\"color: #000080;\"><span style=\"text-decoration: underline; color: #993300;\"><strong>Wolfgang Hund: Auf ein paar pers\u00f6nliche Worte &#8230;<\/strong><\/span><br \/>\n<\/span><span style=\"color: #0000ff;\">Mehr als 20 Jahren lang bestellten wir Zauberkunstst\u00fccke aus Indien (vor allem), aus China, den USA, GB, Frankreich, Schweden &#8230; &#8211; und eigentlich immer nutzte ich die Gelegenheit, f\u00fcr mich selbst auch Einzelst\u00fccke zu kaufen, die mich interessierten und die ich eventuell unter Umst\u00e4nden vielleicht auch in meine Programme einf\u00fcgen wollte. NUN &#8211; mit mehr als 76 Jahren sitze ich inmitten dieser angesammelten, unben\u00fctzten Sch\u00e4tze, staune wieder und &#8211; bedaure! Es w\u00e4re echt schade, wenn Kunstst\u00fccke, die es weltweit kaum mehr gibt, irgendwann &#8230;<\/span><br \/>\n<span style=\"color: #0000ff;\"><strong><span style=\"text-decoration: underline;\">Kurz<\/span><\/strong>: Ich habe im Gesch\u00e4ft einige Regalbretter frei ger\u00e4umt und will nach und nach Einzelst\u00fccke mit englischer Beschreibung ohne weitere Werbung dort einstellen. Zum Selbstkostenpreis, auch wenn mir dabei &#8222;das Zaubererherz blutet&#8220;!<\/span><br \/>\n<span style=\"color: #0000ff;\">Wie Sie daran kommen? Oder erfahren, was es da z.B. auch f\u00fcr Tenyo-Kunstst\u00fccke gibt (die man halt einfach haben musste, weil sie ja oft genug genial waren)?\u00a0 \u00a0 \u00a0 <span style=\"text-decoration: underline;\">Vorbeikommen<\/span>, auf der Fahrt in den Urlaub, einfach so (aber anrufen oder schreiben vorher!!) &#8230; oder &#8230;\u00a0 Sie versuchen, im Netz zu Beschreibungen und Abbildungen zu kommen: https:\/\/funtimemagic.de (+ Namen des Kunstst\u00fcckes) oder bei Youtube &#8222;funtimemagic\/ Name des Ger\u00e4tes&#8220;\u00a0 ..<br \/>\n<\/span><\/p>\n<p class=\"empty-paragraph\">\u00a0<span style=\"font-size: 1px; color: transparent;\">.<\/span><\/p>\n<p class=\"empty-paragraph\">\u00a0<span style=\"font-size: 1px; color: transparent;\">.<\/span><span style=\"color: #993300; font-family: arial,helvetica,sans-serif; font-size: 18px;\"><strong>Performing Pachyderm\u00a0 statt\u00a0<del> <span style=\"color: #000000;\">140.- \u20ac<\/span>,\u00a0<\/del> Sonderpreis nur noch <span style=\"color: #000000;\">100.- \u20ac<\/span><\/strong><\/span><\/p>\n<p><a href=\"http:\/\/www.hund-hersbruck.de\/web_neu\/zaubertricks\/einzelgerate\/pachyderms\/\" rel=\"attachment wp-att-1756\"><img loading=\"lazy\" decoding=\"async\" class=\"alignleft size-full wp-image-1756\" title=\"PachydermS\" src=\"http:\/\/www.hund-hersbruck.de\/web_neu\/wp-content\/uploads\/PachydermS.gif\" alt=\"\" width=\"196\" height=\"192\" srcset=\"http:\/\/www.hund-hersbruck.de\/web_neu\/wp-content\/uploads\/PachydermS.gif 196w, http:\/\/www.hund-hersbruck.de\/web_neu\/wp-content\/uploads\/PachydermS-150x146.gif 150w\" sizes=\"auto, (max-width: 196px) 100vw, 196px\" \/><\/a><\/p>\n<p>&nbsp;<\/p>\n<p>&nbsp;<\/p>\n<p style=\"text-align: justify;\"><em><strong><span style=\"font-size: 14px;\">Ein au\u00dfergew\u00f6hnliches Ger\u00e4t, wunderbar gemacht! 50 x 52 cm gro\u00df, also selbst auf den gr\u00f6\u00dften B\u00fchnen gut zu sehen (siehe die Hand auf der Abbildung zum Vergleich) \u2026\u00a0<\/span><\/strong><\/em><\/p>\n<p style=\"text-align: justify;\"><span style=\"font-size: 14px;\">\u00a0The &#8222;daddy&#8220; of animated card props, this is a cut-out of Jumbo, the famous African elephant of P.T. Barnum&#8217;s &#8222;Greatest Show on Earth&#8220;. And obviously, like all elephants, he uses jumbo cards for his card games ! Have one or more cards freely selected from a &#8222;Jumbo deck&#8220;.<\/span><br \/>\n<span style=\"font-size: 14px;\"> Mix them back into the deck, and drop them into Jumbo&#8217;s top hat.<\/span><br \/>\n<span style=\"font-size: 14px;\"> Then Jumbo comes to life. He tips his hat, and with his trunk picks out the selected cards, one at a time.<\/span><br \/>\n<span style=\"font-size: 14px;\"> You can have Jumbo do a bit of maths, or find a picture from a stack of picture cards, and NO, there are no forces, and the cards could be signed, and YES, you can have Jumbo pick out as many cards as you wish. Magician Clown Gay Ljungberg of Sweden was one of the first to see a set, and said, &#8222;An extremely beautiful prop . The mechanics work like a Volvo automobile. Good that you took the trouble and expenses to add the gag cards, it makes the prop worth so much more for the customer. Good theming, nice artwork, quality mechanics, workable routines. It is a very good buy for any children&#8217;s entertainer or comedy magician.&#8220; I couldn&#8217;t have described it better, and I would &#8222;modestly&#8220; agree with him, since it took me over a year to translate the original concept through several incarnations into the perfect practical prop I offer you. The prop packs flat for carriage, erects absolutely rigid in less than a minute with two bolts and fly nuts, and makes a big display that can be seen at the back of the biggest school hall ! It is sturdily constructed in marine ply and powder coated metal, and comes complete with a Jumbo Deck, extra &#8222;gag&#8220; Jumbo cards, and detailed instructions. And the price is an absolute bargain for the quality prop.<\/span><\/p>\n<p class=\"empty-paragraph\">\u00a0<span style=\"font-size: 1px; color: transparent;\">.<\/span><\/p>\n<p><span style=\"font-size: 14px;\">\u00a0<\/span><\/p>\n<p><a title=\"Zaubertricks8\" href=\"http:\/\/www.hund-hersbruck.de\/web_neu\/?page_id=2453\"><span style=\"text-decoration: underline;\">Zur\u00fcck<\/span><\/a><\/p>\n","protected":false},"excerpt":{"rendered":"<p>Zaubertricks Einzelger\u00e4te (meist) aus indischer Produktion Sie m\u00f6chten n\u00e4here Informationen oder bestellen? Tel. 09151\/4716 Fax 09151\/4363 gabys-zauberland@t-online.de Preis\u00e4nderungen \u2013 leider! \u2013 vorbehalten. Auch wir sind abh\u00e4ngig von unseren Lieferanten Wolfgang Hund: Auf ein paar pers\u00f6nliche Worte &#8230; Mehr als 20 Jahren lang bestellten wir Zauberkunstst\u00fccke aus Indien (vor allem), aus China, den USA, GB, Frankreich, [&hellip;]<\/p>\n","protected":false},"author":1,"featured_media":0,"parent":89,"menu_order":0,"comment_status":"closed","ping_status":"closed","template":"","meta":{"footnotes":""},"class_list":["post-1727","page","type-page","status-publish","hentry"],"_links":{"self":[{"href":"http:\/\/www.hund-hersbruck.de\/web_neu\/wp-json\/wp\/v2\/pages\/1727","targetHints":{"allow":["GET"]}}],"collection":[{"href":"http:\/\/www.hund-hersbruck.de\/web_neu\/wp-json\/wp\/v2\/pages"}],"about":[{"href":"http:\/\/www.hund-hersbruck.de\/web_neu\/wp-json\/wp\/v2\/types\/page"}],"author":[{"embeddable":true,"href":"http:\/\/www.hund-hersbruck.de\/web_neu\/wp-json\/wp\/v2\/users\/1"}],"replies":[{"embeddable":true,"href":"http:\/\/www.hund-hersbruck.de\/web_neu\/wp-json\/wp\/v2\/comments?post=1727"}],"version-history":[{"count":44,"href":"http:\/\/www.hund-hersbruck.de\/web_neu\/wp-json\/wp\/v2\/pages\/1727\/revisions"}],"predecessor-version":[{"id":17267,"href":"http:\/\/www.hund-hersbruck.de\/web_neu\/wp-json\/wp\/v2\/pages\/1727\/revisions\/17267"}],"up":[{"embeddable":true,"href":"http:\/\/www.hund-hersbruck.de\/web_neu\/wp-json\/wp\/v2\/pages\/89"}],"wp:attachment":[{"href":"http:\/\/www.hund-hersbruck.de\/web_neu\/wp-json\/wp\/v2\/media?parent=1727"}],"curies":[{"name":"wp","href":"https:\/\/api.w.org\/{rel}","templated":true}]}}