{"id":168,"date":"2011-12-06T08:59:12","date_gmt":"2011-12-06T08:59:12","guid":{"rendered":"http:\/\/www.hund-hersbruck.de\/web_neu\/?page_id=168"},"modified":"2021-07-19T08:00:46","modified_gmt":"2021-07-19T08:00:46","slug":"dino-pferdeartikel","status":"publish","type":"page","link":"http:\/\/www.hund-hersbruck.de\/web_neu\/spielwaren\/dino-pferdeartikel\/","title":{"rendered":"Dinoartikel"},"content":{"rendered":"<p>&nbsp;<\/p>\n<p style=\"text-align: center;\"><span style=\"color: #ff0000;\"><strong><span style=\"font-family: arial,helvetica,sans-serif; font-size: 20px;\">DINOS\u00a0 DINOS\u00a0 DINOS DINOS\u00a0 DINOS &#8230;.<\/span><\/strong><\/span><\/p>\n<p style=\"text-align: center;\"><span style=\"font-size: 16px;\">Wir haben viele Dino &#8211; Artikel im Gesch\u00e4ft, die aber nicht hier aufgelistet werden k\u00f6nnen. Am besten schauen Sie mal selbst vorbei oder rufen uns an (09151\/4716) oder schreiben \u00fcber das Kontaktformular oben eine Mail!<\/span><\/p>\n<p style=\"text-align: center;\"><span style=\"color: #ff0000;\"><strong><span style=\"text-decoration: underline;\"><span style=\"font-size: 16px;\">mal nur so als Beispiel:<\/span><\/span><\/strong><\/span><\/p>\n<p class=\"empty-paragraph\" style=\"text-align: justify;\"><span style=\"font-size: 12pt;\"><strong><span style=\"font-family: arial, helvetica, sans-serif;\"><span style=\"color: #993300;\">Dinofiguren\u00a0\u00a0\u00a0\u00a0\u00a0\u00a0\u00a0\u00a0\u00a0\u00a0\u00a0\u00a0<\/span> 0,50 \u20ac<\/span><\/strong><\/span><br \/>\n<span style=\"font-family: arial,helvetica,sans-serif; font-size: 12pt;\"><a href=\"http:\/\/www.hund-hersbruck.de\/web_neu\/wp-content\/uploads\/Dinos-Postl..jpg\"><img loading=\"lazy\" decoding=\"async\" class=\"alignleft size-medium wp-image-7974\" src=\"http:\/\/www.hund-hersbruck.de\/web_neu\/wp-content\/uploads\/Dinos-Postl.-300x225.jpg\" alt=\"Dinos Postl.\" width=\"300\" height=\"225\" srcset=\"http:\/\/www.hund-hersbruck.de\/web_neu\/wp-content\/uploads\/Dinos-Postl.-300x225.jpg 300w, http:\/\/www.hund-hersbruck.de\/web_neu\/wp-content\/uploads\/Dinos-Postl.-150x112.jpg 150w, http:\/\/www.hund-hersbruck.de\/web_neu\/wp-content\/uploads\/Dinos-Postl..jpg 360w\" sizes=\"auto, (max-width: 300px) 100vw, 300px\" \/><\/a> \u00a0\u00a0 <span style=\"font-size: 10pt;\">DIE sind echt preiswert! Ungef\u00e4hr 7 cm lang, je nach Rasse halt, Plastik, Flugsaurier, Tyrannosaurus, Stegosaurus (12 verschiedene) usw. &#8230;; Sonderpreis f\u00fcr 12 St\u00fcck im Beutel: 5,50 \u20ac\u00a0<\/span> \u00a0<span style=\"font-size: 8pt;\">Nicht f\u00fcr Kinder unter drei Jahren geeignet, weil verschluckbar!<span style=\"color: transparent;\">.\u00a0\u00a0<\/span><\/span><\/span><\/p>\n<p class=\"empty-paragraph\">\u00a0<span style=\"font-size: 1px; color: transparent;\">.<\/span><\/p>\n<p class=\"empty-paragraph\">\u00a0<span style=\"font-size: 1px; color: transparent;\">.<\/span><\/p>\n<p class=\"empty-paragraph\">\u00a0<span style=\"font-size: 1px; color: transparent;\">.<\/span><\/p>\n<p class=\"empty-paragraph\">\u00a0<span style=\"font-size: 1px; color: transparent;\">.<\/span><\/p>\n<p class=\"empty-paragraph\" style=\"text-align: justify;\"><span style=\"font-family: arial,helvetica,sans-serif; font-size: 12pt;\"><span style=\"color: transparent;\">\u00a0\u00a0<\/span><\/span><\/p>\n<p class=\"empty-paragraph\">\u00a0<span style=\"font-size: 1px; color: transparent;\">.<\/span><span style=\"font-family: arial,helvetica,sans-serif; font-size: 18px;\"><strong><span style=\"color: #993300;\">Wachsende Dinosaurier\u00a0\u00a0\u00a0\u00a0\u00a0\u00a0<\/span> 2,50 \u20ac \/ St\u00fcck\u00a0\u00a0\u00a0\u00a0\u00a0\u00a0 3 St\u00fcck 6.- \u20ac<\/strong><\/span><br \/>\n<span style=\"font-family: arial,helvetica,sans-serif; font-size: 14px;\">\u00a0<a href=\"http:\/\/www.hund-hersbruck.de\/web_neu\/wp-content\/uploads\/Wachsende-Dinosaurier.jpg\"><img loading=\"lazy\" decoding=\"async\" class=\"alignleft\" src=\"http:\/\/www.hund-hersbruck.de\/web_neu\/wp-content\/uploads\/Wachsende-Dinosaurier-300x225.jpg\" alt=\"Wachsende Dinosaurier\" width=\"300\" height=\"225\" \/><\/a>\u00a0 6-fach sortiert.\u00a0Dino im Ei in ein Gef\u00e4\u00df mit Wasser legen, der Dino wird gr\u00f6\u00dfer und schl\u00fcpft aus dem Ei und\u00a0wird auch\u00a0danach noch\u00a0gr\u00f6\u00dfer. Aus dem Wasser genommen nimmt er die urspr\u00fcngliche Gr\u00f6\u00dfe wieder an! Der Dino besteht aus einer speziellen Form von Ethylenvinylacetat, welche Wasser aufnehmen kann. Dieser Kunststoff quillt durch Wasseraufnahme ganz allm\u00e4hlich. Bei Trockenheit schrumpft er wieder auf die urspr\u00fcngliche Gr\u00f6\u00dfe. Bei diesem Produkt ist \u00e4u\u00dferst wichtig, dass es so gro\u00df ist, dass es nicht von Kindern verschluckt werden kann. Auch d\u00fcrfen einzelne Glieder nicht so d\u00fcnn sein, dass sie mit einer Kraft von bis zu 70 Newton abgerissen werden k\u00f6nnen. Der Kunststoff wurde sorgf\u00e4ltig getestet und erf\u00fcllt alle europ\u00e4ischen Sicherheitsrichtlinien. Das Ei ist ca. 6 cm gro\u00df, der Dino drin am Anfang ca. 5 cm; verschiedene Arten von Dinos (&#8222;\u00dcberraschungsei&#8220;!). Wunderbar zum Experimentieren geeignet, um den Einfluss verschiedener Faktoren zu untersuchen: Wassertemperatur, Art des Wassers (destilliertes Wasser, Mineralwasser, Regenwasser&#8230;), Cola (?), Helligkeit &#8230;; der Dino w\u00e4chst bis zur Gr\u00f6\u00dfe von 600 % (klingt besser als 6fache Gr\u00f6\u00dfe \ud83d\ude09\u00a0\u00a0 ); nicht f\u00fcr Kinder unter drei Jahren geeignet<\/span><\/p>\n<p style=\"text-align: center;\"><span style=\"text-decoration: underline; font-size: 12pt;\"><strong><span style=\"color: #0000ff; font-family: arial, helvetica, sans-serif; text-decoration: underline;\">UND:<\/span><\/strong><\/span><\/p>\n<p style=\"text-align: center;\"><span style=\"font-size: 12pt;\"><em><span style=\"color: #0000ff; font-family: arial, helvetica, sans-serif;\">Leuchtdinos f\u00fcr die Wand; <\/span><\/em><\/span><\/p>\n<p style=\"text-align: center;\"><span style=\"font-size: 12pt;\"><em><span style=\"color: #0000ff; font-family: arial, helvetica, sans-serif;\">Dinos von Schleich;<\/span><\/em><\/span><\/p>\n<p style=\"text-align: center;\"><span style=\"font-size: 12pt;\"><em><span style=\"color: #0000ff; font-family: arial, helvetica, sans-serif;\"> Dinos zum Ausgraben aus Eiern;<\/span><\/em><\/span><\/p>\n<p style=\"text-align: center;\"><span style=\"font-size: 12pt;\"><em><span style=\"color: #0000ff; font-family: arial, helvetica, sans-serif;\"> Dino &#8211; B\u00fccher, <\/span><\/em><\/span><\/p>\n<p style=\"text-align: center;\"><span style=\"font-size: 12pt;\"><em><span style=\"color: #0000ff; font-family: arial, helvetica, sans-serif;\">Dino &#8211; Puzzles, <\/span><\/em><\/span><\/p>\n<p style=\"text-align: center;\"><span style=\"font-size: 12pt;\"><em><span style=\"color: #0000ff; font-family: arial, helvetica, sans-serif;\">Dino &#8211; Quiz<\/span><\/em><\/span><\/p>\n<p style=\"text-align: center;\"><span style=\"font-family: arial, helvetica, sans-serif; font-size: 12pt; color: #0000ff;\">Dino &#8211; Handpuppen<\/span><\/p>\n<p style=\"text-align: center;\"><span style=\"font-family: arial, helvetica, sans-serif; font-size: 12pt; color: #0000ff;\">Dino &#8211; Fingerringe<\/span><\/p>\n<p style=\"text-align: center;\"><span style=\"font-size: 12pt;\"><em><span style=\"color: #0000ff; font-family: arial, helvetica, sans-serif;\">und und und &#8230;<\/span><\/em><\/span><\/p>\n<p style=\"text-align: justify;\"><span style=\"font-family: arial,helvetica,sans-serif; font-size: 14px;\">\u00a0<\/span><\/p>\n<p>&nbsp;<\/p>\n<p>&nbsp;<\/p>\n<p>&nbsp;<\/p>\n","protected":false},"excerpt":{"rendered":"<p>&nbsp; DINOS\u00a0 DINOS\u00a0 DINOS DINOS\u00a0 DINOS &#8230;. Wir haben viele Dino &#8211; Artikel im Gesch\u00e4ft, die aber nicht hier aufgelistet werden k\u00f6nnen. Am besten schauen Sie mal selbst vorbei oder rufen uns an (09151\/4716) oder schreiben \u00fcber das Kontaktformular oben eine Mail! mal nur so als Beispiel: Dinofiguren\u00a0\u00a0\u00a0\u00a0\u00a0\u00a0\u00a0\u00a0\u00a0\u00a0\u00a0\u00a0 0,50 \u20ac \u00a0\u00a0 DIE sind echt preiswert! [&hellip;]<\/p>\n","protected":false},"author":1,"featured_media":0,"parent":162,"menu_order":0,"comment_status":"closed","ping_status":"closed","template":"","meta":{"footnotes":""},"class_list":["post-168","page","type-page","status-publish","hentry"],"_links":{"self":[{"href":"http:\/\/www.hund-hersbruck.de\/web_neu\/wp-json\/wp\/v2\/pages\/168","targetHints":{"allow":["GET"]}}],"collection":[{"href":"http:\/\/www.hund-hersbruck.de\/web_neu\/wp-json\/wp\/v2\/pages"}],"about":[{"href":"http:\/\/www.hund-hersbruck.de\/web_neu\/wp-json\/wp\/v2\/types\/page"}],"author":[{"embeddable":true,"href":"http:\/\/www.hund-hersbruck.de\/web_neu\/wp-json\/wp\/v2\/users\/1"}],"replies":[{"embeddable":true,"href":"http:\/\/www.hund-hersbruck.de\/web_neu\/wp-json\/wp\/v2\/comments?post=168"}],"version-history":[{"count":11,"href":"http:\/\/www.hund-hersbruck.de\/web_neu\/wp-json\/wp\/v2\/pages\/168\/revisions"}],"predecessor-version":[{"id":15100,"href":"http:\/\/www.hund-hersbruck.de\/web_neu\/wp-json\/wp\/v2\/pages\/168\/revisions\/15100"}],"up":[{"embeddable":true,"href":"http:\/\/www.hund-hersbruck.de\/web_neu\/wp-json\/wp\/v2\/pages\/162"}],"wp:attachment":[{"href":"http:\/\/www.hund-hersbruck.de\/web_neu\/wp-json\/wp\/v2\/media?parent=168"}],"curies":[{"name":"wp","href":"https:\/\/api.w.org\/{rel}","templated":true}]}}